{"id":5074,"date":"2022-10-21T06:59:08","date_gmt":"2022-10-21T05:59:08","guid":{"rendered":"https:\/\/www.sudvitrailmosaique.fr\/?post_type=product&#038;p=5074"},"modified":"2025-05-26T08:57:53","modified_gmt":"2025-05-26T07:57:53","slug":"lampe-poisson-fusing-vitrail","status":"publish","type":"product","link":"https:\/\/www.sudvitrailmosaique.fr\/index.php\/produit\/lampe-poisson-fusing-vitrail\/","title":{"rendered":"Lampe poisson fusing et vitrail Tiffany"},"content":{"rendered":"<p>Lampe Poisson en fusing (verre fusionn\u00e9) et <a href=\"https:\/\/www.sudvitrailmosaique.fr\/index.php\/art-du-vitrail\/histoire-du-vitrail\/\">vitrail Tiffany<\/a> : 3 utilisations possibles &#8230;<\/p>\n<p>Selon votre d\u00e9coration vous pouvez utiliser ce tableau fusing et vitrail Tiffany<br \/>\n&#8211; comme une lampe de table.<br \/>\n&#8211; Avec une ampoule de faible intensit\u00e9 il devient une petite veilleuse pour une chambre d&rsquo;enfant.<br \/>\n&#8211; Sans lumi\u00e8re il reste un joli objet de d\u00e9coration murale ou \u00e0 poser.<\/p>\n<p>Ce cadre poisson est fourni avec son support bois patin\u00e9 en blanc.<\/p>\n<p>\u00c9quipement \u00e9lectrique :<br \/>\n&#8211; cordon \u00e9lectrique avec interrupteur,<br \/>\n&#8211; douille pour une ampoule \u00e0 culot E14<br \/>\n&#8211; livr\u00e9e sans ampoule.<\/p>\n","protected":false},"excerpt":{"rendered":"<p>Lampe Poisson en fusing (verre fusionn\u00e9) et vitrail Tiffany : 3 utilisations possibles &#8230; Selon votre d\u00e9coration vous pouvez utiliser ce tableau fusing et vitrail Tiffany &#8211; comme une lampe de table. &#8211; Avec une ampoule de faible intensit\u00e9 il devient une petite veilleuse pour une chambre d&rsquo;enfant. &#8211; Sans lumi\u00e8re il reste un joli [&hellip;]<\/p>\n","protected":false},"featured_media":5111,"comment_status":"closed","ping_status":"closed","template":"","meta":{"ocean_post_layout":"","ocean_both_sidebars_style":"","ocean_both_sidebars_content_width":0,"ocean_both_sidebars_sidebars_width":0,"ocean_sidebar":"0","ocean_second_sidebar":"0","ocean_disable_margins":"enable","ocean_add_body_class":"","ocean_shortcode_before_top_bar":"","ocean_shortcode_after_top_bar":"","ocean_shortcode_before_header":"","ocean_shortcode_after_header":"","ocean_has_shortcode":"","ocean_shortcode_after_title":"","ocean_shortcode_before_footer_widgets":"","ocean_shortcode_after_footer_widgets":"","ocean_shortcode_before_footer_bottom":"","ocean_shortcode_after_footer_bottom":"","ocean_display_top_bar":"default","ocean_display_header":"default","ocean_header_style":"","ocean_center_header_left_menu":"0","ocean_custom_header_template":"0","ocean_custom_logo":0,"ocean_custom_retina_logo":0,"ocean_custom_logo_max_width":0,"ocean_custom_logo_tablet_max_width":0,"ocean_custom_logo_mobile_max_width":0,"ocean_custom_logo_max_height":0,"ocean_custom_logo_tablet_max_height":0,"ocean_custom_logo_mobile_max_height":0,"ocean_header_custom_menu":"0","ocean_menu_typo_font_family":"0","ocean_menu_typo_font_subset":"","ocean_menu_typo_font_size":0,"ocean_menu_typo_font_size_tablet":0,"ocean_menu_typo_font_size_mobile":0,"ocean_menu_typo_font_size_unit":"px","ocean_menu_typo_font_weight":"","ocean_menu_typo_font_weight_tablet":"","ocean_menu_typo_font_weight_mobile":"","ocean_menu_typo_transform":"","ocean_menu_typo_transform_tablet":"","ocean_menu_typo_transform_mobile":"","ocean_menu_typo_line_height":0,"ocean_menu_typo_line_height_tablet":0,"ocean_menu_typo_line_height_mobile":0,"ocean_menu_typo_line_height_unit":"","ocean_menu_typo_spacing":0,"ocean_menu_typo_spacing_tablet":0,"ocean_menu_typo_spacing_mobile":0,"ocean_menu_typo_spacing_unit":"","ocean_menu_link_color":"","ocean_menu_link_color_hover":"","ocean_menu_link_color_active":"","ocean_menu_link_background":"","ocean_menu_link_hover_background":"","ocean_menu_link_active_background":"","ocean_menu_social_links_bg":"","ocean_menu_social_hover_links_bg":"","ocean_menu_social_links_color":"","ocean_menu_social_hover_links_color":"","ocean_disable_title":"default","ocean_disable_heading":"default","ocean_post_title":"","ocean_post_subheading":"","ocean_post_title_style":"","ocean_post_title_background_color":"","ocean_post_title_background":0,"ocean_post_title_bg_image_position":"","ocean_post_title_bg_image_attachment":"","ocean_post_title_bg_image_repeat":"","ocean_post_title_bg_image_size":"","ocean_post_title_height":0,"ocean_post_title_bg_overlay":0.5,"ocean_post_title_bg_overlay_color":"","ocean_disable_breadcrumbs":"default","ocean_breadcrumbs_color":"","ocean_breadcrumbs_separator_color":"","ocean_breadcrumbs_links_color":"","ocean_breadcrumbs_links_hover_color":"","ocean_display_footer_widgets":"default","ocean_display_footer_bottom":"default","ocean_custom_footer_template":"0"},"product_brand":[],"product_cat":[195,105,129,38],"product_tag":[],"giftcard-category":[],"class_list":{"0":"post-5074","1":"product","2":"type-product","3":"status-publish","4":"has-post-thumbnail","6":"product_cat-collection-multicolore","7":"product_cat-luminaire-vitrail-tiffany","8":"product_cat-objet-decoration","9":"product_cat-vitrail-tiffany-plomb","11":"entry","12":"has-media","14":"first","15":"outofstock","16":"shipping-taxable","17":"purchasable","18":"product-type-variable","19":"has-product-nav","20":"col","21":"span_1_of_4","22":"owp-content-center","23":"item-entry","24":"owp-thumbs-layout-horizontal","25":"owp-btn-very-big","26":"owp-tabs-layout-horizontal","28":"circle-sale"},"yoast_head":"<!-- This site is optimized with the Yoast SEO plugin v27.4 - https:\/\/yoast.com\/product\/yoast-seo-wordpress\/ -->\n<title>Lampe poisson fusing et vitrail Tiffany - Sud Vitrail Mosa\u00efque<\/title>\n<meta name=\"description\" content=\"Lampe poisson fusing et vitrail multicolore. En lampe, veilleuse ou tableau \u00e0 votre choix. Atelier Sud Vitrail Mosa\u00efque \u00e0 Brignoles (Var 83) - Sud PACA\" \/>\n<meta name=\"robots\" content=\"index, follow, max-snippet:-1, max-image-preview:large, max-video-preview:-1\" \/>\n<link rel=\"canonical\" href=\"https:\/\/www.sudvitrailmosaique.fr\/index.php\/produit\/lampe-poisson-fusing-vitrail\/\" \/>\n<meta property=\"og:locale\" content=\"fr_FR\" \/>\n<meta property=\"og:type\" content=\"article\" \/>\n<meta property=\"og:title\" content=\"Lampe poisson fusing et vitrail Tiffany - Sud Vitrail Mosa\u00efque\" \/>\n<meta property=\"og:description\" content=\"Lampe poisson fusing et vitrail multicolore. En lampe, veilleuse ou tableau \u00e0 votre choix. Atelier Sud Vitrail Mosa\u00efque \u00e0 Brignoles (Var 83) - Sud PACA\" \/>\n<meta property=\"og:url\" content=\"https:\/\/www.sudvitrailmosaique.fr\/index.php\/produit\/lampe-poisson-fusing-vitrail\/\" \/>\n<meta property=\"og:site_name\" content=\"Sud Vitrail Mosa\u00efque\" \/>\n<meta property=\"article:publisher\" content=\"https:\/\/www.facebook.com\/Sudvitrailmosaique\/\" \/>\n<meta property=\"article:modified_time\" content=\"2025-05-26T07:57:53+00:00\" \/>\n<meta property=\"og:image\" content=\"https:\/\/www.sudvitrailmosaique.fr\/wp-content\/uploads\/2022\/10\/Veilleuse-Poisson-Vert-orange-Fusing-Sudvitrailmosaique-scaled.jpg\" \/>\n\t<meta property=\"og:image:width\" content=\"2560\" \/>\n\t<meta property=\"og:image:height\" content=\"2560\" \/>\n\t<meta property=\"og:image:type\" content=\"image\/jpeg\" \/>\n<meta name=\"twitter:label1\" content=\"Dur\u00e9e de lecture estim\u00e9e\" \/>\n\t<meta name=\"twitter:data1\" content=\"1 minute\" \/>\n<script type=\"application\/ld+json\" class=\"yoast-schema-graph\">{\"@context\":\"https:\\\/\\\/schema.org\",\"@graph\":[{\"@type\":\"WebPage\",\"@id\":\"https:\\\/\\\/www.sudvitrailmosaique.fr\\\/index.php\\\/produit\\\/lampe-poisson-fusing-vitrail\\\/\",\"url\":\"https:\\\/\\\/www.sudvitrailmosaique.fr\\\/index.php\\\/produit\\\/lampe-poisson-fusing-vitrail\\\/\",\"name\":\"Lampe poisson fusing et vitrail Tiffany - Sud Vitrail Mosa\u00efque\",\"isPartOf\":{\"@id\":\"https:\\\/\\\/www.sudvitrailmosaique.fr\\\/#website\"},\"primaryImageOfPage\":{\"@id\":\"https:\\\/\\\/www.sudvitrailmosaique.fr\\\/index.php\\\/produit\\\/lampe-poisson-fusing-vitrail\\\/#primaryimage\"},\"image\":{\"@id\":\"https:\\\/\\\/www.sudvitrailmosaique.fr\\\/index.php\\\/produit\\\/lampe-poisson-fusing-vitrail\\\/#primaryimage\"},\"thumbnailUrl\":\"https:\\\/\\\/www.sudvitrailmosaique.fr\\\/wp-content\\\/uploads\\\/2022\\\/10\\\/Veilleuse-Poisson-Vert-orange-Fusing-Sudvitrailmosaique-scaled.jpg\",\"datePublished\":\"2022-10-21T05:59:08+00:00\",\"dateModified\":\"2025-05-26T07:57:53+00:00\",\"description\":\"Lampe poisson fusing et vitrail multicolore. En lampe, veilleuse ou tableau \u00e0 votre choix. Atelier Sud Vitrail Mosa\u00efque \u00e0 Brignoles (Var 83) - Sud PACA\",\"breadcrumb\":{\"@id\":\"https:\\\/\\\/www.sudvitrailmosaique.fr\\\/index.php\\\/produit\\\/lampe-poisson-fusing-vitrail\\\/#breadcrumb\"},\"inLanguage\":\"fr-FR\",\"potentialAction\":[{\"@type\":\"ReadAction\",\"target\":[\"https:\\\/\\\/www.sudvitrailmosaique.fr\\\/index.php\\\/produit\\\/lampe-poisson-fusing-vitrail\\\/\"]}]},{\"@type\":\"ImageObject\",\"inLanguage\":\"fr-FR\",\"@id\":\"https:\\\/\\\/www.sudvitrailmosaique.fr\\\/index.php\\\/produit\\\/lampe-poisson-fusing-vitrail\\\/#primaryimage\",\"url\":\"https:\\\/\\\/www.sudvitrailmosaique.fr\\\/wp-content\\\/uploads\\\/2022\\\/10\\\/Veilleuse-Poisson-Vert-orange-Fusing-Sudvitrailmosaique-scaled.jpg\",\"contentUrl\":\"https:\\\/\\\/www.sudvitrailmosaique.fr\\\/wp-content\\\/uploads\\\/2022\\\/10\\\/Veilleuse-Poisson-Vert-orange-Fusing-Sudvitrailmosaique-scaled.jpg\",\"width\":2560,\"height\":2560,\"caption\":\"Lampe veilleuse Poisson Vert clair et orange en Fusing et Vitrail - Sud Vitrail Mosaique\"},{\"@type\":\"BreadcrumbList\",\"@id\":\"https:\\\/\\\/www.sudvitrailmosaique.fr\\\/index.php\\\/produit\\\/lampe-poisson-fusing-vitrail\\\/#breadcrumb\",\"itemListElement\":[{\"@type\":\"ListItem\",\"position\":1,\"name\":\"Accueil\",\"item\":\"https:\\\/\\\/www.sudvitrailmosaique.fr\\\/\"},{\"@type\":\"ListItem\",\"position\":2,\"name\":\"Boutique\",\"item\":\"https:\\\/\\\/www.sudvitrailmosaique.fr\\\/index.php\\\/boutique\\\/\"},{\"@type\":\"ListItem\",\"position\":3,\"name\":\"Collection Multicolore\",\"item\":\"https:\\\/\\\/www.sudvitrailmosaique.fr\\\/index.php\\\/categorie-produit\\\/collection-multicolore\\\/\"},{\"@type\":\"ListItem\",\"position\":4,\"name\":\"Lampe poisson fusing et vitrail Tiffany\"}]},{\"@type\":\"WebSite\",\"@id\":\"https:\\\/\\\/www.sudvitrailmosaique.fr\\\/#website\",\"url\":\"https:\\\/\\\/www.sudvitrailmosaique.fr\\\/\",\"name\":\"Sud Vitrail Mosa\u00efque\",\"description\":\"La magie du Vitrail et de la Mosa\u00efque \u00e0 Brignoles (83170) dans le Var\",\"publisher\":{\"@id\":\"https:\\\/\\\/www.sudvitrailmosaique.fr\\\/#organization\"},\"potentialAction\":[{\"@type\":\"SearchAction\",\"target\":{\"@type\":\"EntryPoint\",\"urlTemplate\":\"https:\\\/\\\/www.sudvitrailmosaique.fr\\\/?s={search_term_string}\"},\"query-input\":{\"@type\":\"PropertyValueSpecification\",\"valueRequired\":true,\"valueName\":\"search_term_string\"}}],\"inLanguage\":\"fr-FR\"},{\"@type\":\"Organization\",\"@id\":\"https:\\\/\\\/www.sudvitrailmosaique.fr\\\/#organization\",\"name\":\"SUD VITRAIL MOSA\u00cfQUE\",\"url\":\"https:\\\/\\\/www.sudvitrailmosaique.fr\\\/\",\"logo\":{\"@type\":\"ImageObject\",\"inLanguage\":\"fr-FR\",\"@id\":\"https:\\\/\\\/www.sudvitrailmosaique.fr\\\/#\\\/schema\\\/logo\\\/image\\\/\",\"url\":\"https:\\\/\\\/www.sudvitrailmosaique.fr\\\/wp-content\\\/uploads\\\/2014\\\/01\\\/logo1.png\",\"contentUrl\":\"https:\\\/\\\/www.sudvitrailmosaique.fr\\\/wp-content\\\/uploads\\\/2014\\\/01\\\/logo1.png\",\"width\":120,\"height\":120,\"caption\":\"SUD VITRAIL MOSA\u00cfQUE\"},\"image\":{\"@id\":\"https:\\\/\\\/www.sudvitrailmosaique.fr\\\/#\\\/schema\\\/logo\\\/image\\\/\"},\"sameAs\":[\"https:\\\/\\\/www.facebook.com\\\/Sudvitrailmosaique\\\/\",\"https:\\\/\\\/www.pinterest.fr\\\/cjegauthier\\\/\",\"https:\\\/\\\/www.instagram.com\\\/sudvitrailmosaique\\\/\"]}]}<\/script>\n<!-- \/ Yoast SEO plugin. -->","yoast_head_json":{"title":"Lampe poisson fusing et vitrail Tiffany - Sud Vitrail Mosa\u00efque","description":"Lampe poisson fusing et vitrail multicolore. En lampe, veilleuse ou tableau \u00e0 votre choix. Atelier Sud Vitrail Mosa\u00efque \u00e0 Brignoles (Var 83) - Sud PACA","robots":{"index":"index","follow":"follow","max-snippet":"max-snippet:-1","max-image-preview":"max-image-preview:large","max-video-preview":"max-video-preview:-1"},"canonical":"https:\/\/www.sudvitrailmosaique.fr\/index.php\/produit\/lampe-poisson-fusing-vitrail\/","og_locale":"fr_FR","og_type":"article","og_title":"Lampe poisson fusing et vitrail Tiffany - Sud Vitrail Mosa\u00efque","og_description":"Lampe poisson fusing et vitrail multicolore. En lampe, veilleuse ou tableau \u00e0 votre choix. Atelier Sud Vitrail Mosa\u00efque \u00e0 Brignoles (Var 83) - Sud PACA","og_url":"https:\/\/www.sudvitrailmosaique.fr\/index.php\/produit\/lampe-poisson-fusing-vitrail\/","og_site_name":"Sud Vitrail Mosa\u00efque","article_publisher":"https:\/\/www.facebook.com\/Sudvitrailmosaique\/","article_modified_time":"2025-05-26T07:57:53+00:00","og_image":[{"width":2560,"height":2560,"url":"https:\/\/www.sudvitrailmosaique.fr\/wp-content\/uploads\/2022\/10\/Veilleuse-Poisson-Vert-orange-Fusing-Sudvitrailmosaique-scaled.jpg","type":"image\/jpeg"}],"twitter_misc":{"Dur\u00e9e de lecture estim\u00e9e":"1 minute"},"schema":{"@context":"https:\/\/schema.org","@graph":[{"@type":"WebPage","@id":"https:\/\/www.sudvitrailmosaique.fr\/index.php\/produit\/lampe-poisson-fusing-vitrail\/","url":"https:\/\/www.sudvitrailmosaique.fr\/index.php\/produit\/lampe-poisson-fusing-vitrail\/","name":"Lampe poisson fusing et vitrail Tiffany - Sud Vitrail Mosa\u00efque","isPartOf":{"@id":"https:\/\/www.sudvitrailmosaique.fr\/#website"},"primaryImageOfPage":{"@id":"https:\/\/www.sudvitrailmosaique.fr\/index.php\/produit\/lampe-poisson-fusing-vitrail\/#primaryimage"},"image":{"@id":"https:\/\/www.sudvitrailmosaique.fr\/index.php\/produit\/lampe-poisson-fusing-vitrail\/#primaryimage"},"thumbnailUrl":"https:\/\/www.sudvitrailmosaique.fr\/wp-content\/uploads\/2022\/10\/Veilleuse-Poisson-Vert-orange-Fusing-Sudvitrailmosaique-scaled.jpg","datePublished":"2022-10-21T05:59:08+00:00","dateModified":"2025-05-26T07:57:53+00:00","description":"Lampe poisson fusing et vitrail multicolore. En lampe, veilleuse ou tableau \u00e0 votre choix. Atelier Sud Vitrail Mosa\u00efque \u00e0 Brignoles (Var 83) - Sud PACA","breadcrumb":{"@id":"https:\/\/www.sudvitrailmosaique.fr\/index.php\/produit\/lampe-poisson-fusing-vitrail\/#breadcrumb"},"inLanguage":"fr-FR","potentialAction":[{"@type":"ReadAction","target":["https:\/\/www.sudvitrailmosaique.fr\/index.php\/produit\/lampe-poisson-fusing-vitrail\/"]}]},{"@type":"ImageObject","inLanguage":"fr-FR","@id":"https:\/\/www.sudvitrailmosaique.fr\/index.php\/produit\/lampe-poisson-fusing-vitrail\/#primaryimage","url":"https:\/\/www.sudvitrailmosaique.fr\/wp-content\/uploads\/2022\/10\/Veilleuse-Poisson-Vert-orange-Fusing-Sudvitrailmosaique-scaled.jpg","contentUrl":"https:\/\/www.sudvitrailmosaique.fr\/wp-content\/uploads\/2022\/10\/Veilleuse-Poisson-Vert-orange-Fusing-Sudvitrailmosaique-scaled.jpg","width":2560,"height":2560,"caption":"Lampe veilleuse Poisson Vert clair et orange en Fusing et Vitrail - Sud Vitrail Mosaique"},{"@type":"BreadcrumbList","@id":"https:\/\/www.sudvitrailmosaique.fr\/index.php\/produit\/lampe-poisson-fusing-vitrail\/#breadcrumb","itemListElement":[{"@type":"ListItem","position":1,"name":"Accueil","item":"https:\/\/www.sudvitrailmosaique.fr\/"},{"@type":"ListItem","position":2,"name":"Boutique","item":"https:\/\/www.sudvitrailmosaique.fr\/index.php\/boutique\/"},{"@type":"ListItem","position":3,"name":"Collection Multicolore","item":"https:\/\/www.sudvitrailmosaique.fr\/index.php\/categorie-produit\/collection-multicolore\/"},{"@type":"ListItem","position":4,"name":"Lampe poisson fusing et vitrail Tiffany"}]},{"@type":"WebSite","@id":"https:\/\/www.sudvitrailmosaique.fr\/#website","url":"https:\/\/www.sudvitrailmosaique.fr\/","name":"Sud Vitrail Mosa\u00efque","description":"La magie du Vitrail et de la Mosa\u00efque \u00e0 Brignoles (83170) dans le Var","publisher":{"@id":"https:\/\/www.sudvitrailmosaique.fr\/#organization"},"potentialAction":[{"@type":"SearchAction","target":{"@type":"EntryPoint","urlTemplate":"https:\/\/www.sudvitrailmosaique.fr\/?s={search_term_string}"},"query-input":{"@type":"PropertyValueSpecification","valueRequired":true,"valueName":"search_term_string"}}],"inLanguage":"fr-FR"},{"@type":"Organization","@id":"https:\/\/www.sudvitrailmosaique.fr\/#organization","name":"SUD VITRAIL MOSA\u00cfQUE","url":"https:\/\/www.sudvitrailmosaique.fr\/","logo":{"@type":"ImageObject","inLanguage":"fr-FR","@id":"https:\/\/www.sudvitrailmosaique.fr\/#\/schema\/logo\/image\/","url":"https:\/\/www.sudvitrailmosaique.fr\/wp-content\/uploads\/2014\/01\/logo1.png","contentUrl":"https:\/\/www.sudvitrailmosaique.fr\/wp-content\/uploads\/2014\/01\/logo1.png","width":120,"height":120,"caption":"SUD VITRAIL MOSA\u00cfQUE"},"image":{"@id":"https:\/\/www.sudvitrailmosaique.fr\/#\/schema\/logo\/image\/"},"sameAs":["https:\/\/www.facebook.com\/Sudvitrailmosaique\/","https:\/\/www.pinterest.fr\/cjegauthier\/","https:\/\/www.instagram.com\/sudvitrailmosaique\/"]}]}},"_links":{"self":[{"href":"https:\/\/www.sudvitrailmosaique.fr\/index.php\/wp-json\/wp\/v2\/product\/5074","targetHints":{"allow":["GET"]}}],"collection":[{"href":"https:\/\/www.sudvitrailmosaique.fr\/index.php\/wp-json\/wp\/v2\/product"}],"about":[{"href":"https:\/\/www.sudvitrailmosaique.fr\/index.php\/wp-json\/wp\/v2\/types\/product"}],"replies":[{"embeddable":true,"href":"https:\/\/www.sudvitrailmosaique.fr\/index.php\/wp-json\/wp\/v2\/comments?post=5074"}],"version-history":[{"count":0,"href":"https:\/\/www.sudvitrailmosaique.fr\/index.php\/wp-json\/wp\/v2\/product\/5074\/revisions"}],"wp:featuredmedia":[{"embeddable":true,"href":"https:\/\/www.sudvitrailmosaique.fr\/index.php\/wp-json\/wp\/v2\/media\/5111"}],"wp:attachment":[{"href":"https:\/\/www.sudvitrailmosaique.fr\/index.php\/wp-json\/wp\/v2\/media?parent=5074"}],"wp:term":[{"taxonomy":"product_brand","embeddable":true,"href":"https:\/\/www.sudvitrailmosaique.fr\/index.php\/wp-json\/wp\/v2\/product_brand?post=5074"},{"taxonomy":"product_cat","embeddable":true,"href":"https:\/\/www.sudvitrailmosaique.fr\/index.php\/wp-json\/wp\/v2\/product_cat?post=5074"},{"taxonomy":"product_tag","embeddable":true,"href":"https:\/\/www.sudvitrailmosaique.fr\/index.php\/wp-json\/wp\/v2\/product_tag?post=5074"},{"taxonomy":"giftcard-category","embeddable":true,"href":"https:\/\/www.sudvitrailmosaique.fr\/index.php\/wp-json\/wp\/v2\/giftcard-category?post=5074"}],"curies":[{"name":"wp","href":"https:\/\/api.w.org\/{rel}","templated":true}]}}