{"id":9,"date":"2009-11-23T16:29:42","date_gmt":"2009-11-23T15:29:42","guid":{"rendered":"http:\/\/www.sudvitrailmosaique.fr\/index.php?page_id=9"},"modified":"2025-04-28T06:29:30","modified_gmt":"2025-04-28T05:29:30","slug":"formation-stage-creatifs-vitrail","status":"publish","type":"page","link":"https:\/\/www.sudvitrailmosaique.fr\/index.php\/formation-stage-creatifs-vitrail\/","title":{"rendered":"Formation : Vitrail et Mosa\u00efque"},"content":{"rendered":"<h2 style=\"text-align: left;\">Formation et stage cr\u00e9atifs au Vitrail<\/h2>\n<h3 style=\"text-align: left;\">Une technique prestigieuse<\/h3>\n<p style=\"text-align: justify;\">Vous apprendrez les gestes n\u00e9cessaires \u00e0 la cr\u00e9ation d\u2019un vitrail lors de ce stage cr\u00e9atif au vitrail. La technique ne diff\u00e8rent gu\u00e8re de celle pratiqu\u00e9e par les ma\u00eetres verriers du Moyen \u00e2ge pour la m\u00e9thode traditionnelle :<\/p>\n<ul>\n<li style=\"text-align: justify;\">r\u00e9alisation des calibres,<\/li>\n<li style=\"text-align: justify;\">d\u00e9coupe du verre,<\/li>\n<li style=\"text-align: justify;\">montage au plomb ou sertissage<\/li>\n<li style=\"text-align: justify;\">soudure \u00e0 l\u2019\u00e9tain.<\/li>\n<\/ul>\n<p>D\u00e9couvrez dans cette formation et stage cr\u00e9atifs au vitrail, ce savoir-faire ancestral \u00e0 l\u2019occasion de nos stages d\u2019initiation et perfectionnement <a title=\"Stage Vitrail Tiffany\" href=\"https:\/\/www.sudvitrailmosaique.fr\/index.php\/formation-stage-creatifs-vitrail\/stage-initiation-vitrail-tiffany\/\">\u00ab\u00a0Tiffany\u00a0\u00bb<\/a>. et\/ou <a title=\"Stage Vitrail plomb\" href=\"https:\/\/www.sudvitrailmosaique.fr\/index.php\/formation-stage-creatifs-vitrail\/stage-initiation-vitrail-plomb\/\">traditionnel<\/a><\/p>\n<h3 style=\"text-align: center;\"><strong>Photophore r\u00e9alis\u00e9 par Catherine lors du stage d&rsquo;initiation Vitrail Tiffany de septembre.<\/strong><\/h3>\n<p style=\"text-align: center;\"><strong><img fetchpriority=\"high\" decoding=\"async\" class=\"aligncenter size-full wp-image-729\" title=\"Atelier Vitrail Tiffany - Septembre 2011\" src=\"https:\/\/www.sudvitrailmosaique.fr\/wp-content\/uploads\/2011\/10\/Atelier-Vitrail-Tiffany.gif\" alt=\"Atelier Vitrail Tiffany\" width=\"448\" height=\"448\" \/><\/strong><\/p>\n<p style=\"text-align: center;\"><strong>Toutes mes f\u00e9licitations, <\/strong><\/p>\n<p style=\"text-align: justify;\">Apprenez, par groupe de 2 personnes maximum, les gestes de base pour r\u00e9aliser le vitrail de votre choix :<\/p>\n<ul style=\"padding-left: 30px;\">\n<li>1 selon la m\u00e9thode traditionnelle plomb<\/li>\n<li>et\/ou<\/li>\n<li>1 selon la m\u00e9thode \u00ab Tiffany \u00bb.<\/li>\n<\/ul>\n<h2><\/h2>\n<p style=\"text-align: justify;\">Initiez-vous \u00e0 l&rsquo;art mill\u00e9naire Vitrail en suivant une formation \u00e0 l&rsquo;atelier Sud Vitrail Mosa\u00efque &#8211; 4 rue d&rsquo;Entraigues &#8211; 83170 Brignoles en <a href=\"https:\/\/www.sudvitrailmosaique.fr\/index.php\/provence-verte-brignoles-83170-var\/\">Provence Verte<\/a> (Var)<\/p>\n","protected":false},"excerpt":{"rendered":"<p>Formation et stage cr\u00e9atifs au Vitrail Une technique prestigieuse Vous apprendrez les gestes n\u00e9cessaires \u00e0 la cr\u00e9ation d\u2019un vitrail lors de ce stage cr\u00e9atif au vitrail. La technique ne diff\u00e8rent gu\u00e8re de celle pratiqu\u00e9e par les ma\u00eetres verriers du Moyen \u00e2ge pour la m\u00e9thode traditionnelle : r\u00e9alisation des calibres, d\u00e9coupe du verre, montage au plomb [&hellip;]<\/p>\n","protected":false},"author":5,"featured_media":0,"parent":0,"menu_order":3,"comment_status":"closed","ping_status":"closed","template":"","meta":{"ocean_post_layout":"","ocean_both_sidebars_style":"","ocean_both_sidebars_content_width":0,"ocean_both_sidebars_sidebars_width":0,"ocean_sidebar":"0","ocean_second_sidebar":"0","ocean_disable_margins":"enable","ocean_add_body_class":"","ocean_shortcode_before_top_bar":"","ocean_shortcode_after_top_bar":"","ocean_shortcode_before_header":"","ocean_shortcode_after_header":"","ocean_has_shortcode":"","ocean_shortcode_after_title":"","ocean_shortcode_before_footer_widgets":"","ocean_shortcode_after_footer_widgets":"","ocean_shortcode_before_footer_bottom":"","ocean_shortcode_after_footer_bottom":"","ocean_display_top_bar":"default","ocean_display_header":"default","ocean_header_style":"","ocean_center_header_left_menu":"0","ocean_custom_header_template":"0","ocean_custom_logo":0,"ocean_custom_retina_logo":0,"ocean_custom_logo_max_width":0,"ocean_custom_logo_tablet_max_width":0,"ocean_custom_logo_mobile_max_width":0,"ocean_custom_logo_max_height":0,"ocean_custom_logo_tablet_max_height":0,"ocean_custom_logo_mobile_max_height":0,"ocean_header_custom_menu":"0","ocean_menu_typo_font_family":"0","ocean_menu_typo_font_subset":"","ocean_menu_typo_font_size":0,"ocean_menu_typo_font_size_tablet":0,"ocean_menu_typo_font_size_mobile":0,"ocean_menu_typo_font_size_unit":"px","ocean_menu_typo_font_weight":"","ocean_menu_typo_font_weight_tablet":"","ocean_menu_typo_font_weight_mobile":"","ocean_menu_typo_transform":"","ocean_menu_typo_transform_tablet":"","ocean_menu_typo_transform_mobile":"","ocean_menu_typo_line_height":0,"ocean_menu_typo_line_height_tablet":0,"ocean_menu_typo_line_height_mobile":0,"ocean_menu_typo_line_height_unit":"","ocean_menu_typo_spacing":0,"ocean_menu_typo_spacing_tablet":0,"ocean_menu_typo_spacing_mobile":0,"ocean_menu_typo_spacing_unit":"","ocean_menu_link_color":"","ocean_menu_link_color_hover":"","ocean_menu_link_color_active":"","ocean_menu_link_background":"","ocean_menu_link_hover_background":"","ocean_menu_link_active_background":"","ocean_menu_social_links_bg":"","ocean_menu_social_hover_links_bg":"","ocean_menu_social_links_color":"","ocean_menu_social_hover_links_color":"","ocean_disable_title":"default","ocean_disable_heading":"default","ocean_post_title":"","ocean_post_subheading":"","ocean_post_title_style":"","ocean_post_title_background_color":"","ocean_post_title_background":0,"ocean_post_title_bg_image_position":"","ocean_post_title_bg_image_attachment":"","ocean_post_title_bg_image_repeat":"","ocean_post_title_bg_image_size":"","ocean_post_title_height":0,"ocean_post_title_bg_overlay":0.5,"ocean_post_title_bg_overlay_color":"","ocean_disable_breadcrumbs":"default","ocean_breadcrumbs_color":"","ocean_breadcrumbs_separator_color":"","ocean_breadcrumbs_links_color":"","ocean_breadcrumbs_links_hover_color":"","ocean_display_footer_widgets":"default","ocean_display_footer_bottom":"default","ocean_custom_footer_template":"0","footnotes":""},"class_list":["post-9","page","type-page","status-publish","hentry","entry","owp-thumbs-layout-horizontal","owp-btn-very-big","owp-tabs-layout-horizontal","has-no-thumbnails","has-product-nav","circle-sale"],"yoast_head":"<!-- This site is optimized with the Yoast SEO plugin v27.3 - https:\/\/yoast.com\/product\/yoast-seo-wordpress\/ -->\n<title>Formation et Stage cr\u00e9atifs au Vitrail - Sud Vitrail Mosa\u00efque<\/title>\n<meta name=\"description\" content=\"Formation et stage cr\u00e9atifs : Formez-vous aux techniques prestigieuses du vitrail. Atelier Sud Vitrail Mosa\u00efque - Brignoles en PACA dans le Var (83).\" \/>\n<meta name=\"robots\" content=\"index, follow, max-snippet:-1, max-image-preview:large, max-video-preview:-1\" \/>\n<link rel=\"canonical\" href=\"https:\/\/www.sudvitrailmosaique.fr\/index.php\/formation-stage-creatifs-vitrail\/\" \/>\n<meta property=\"og:locale\" content=\"fr_FR\" \/>\n<meta property=\"og:type\" content=\"article\" \/>\n<meta property=\"og:title\" content=\"Formation et Stage cr\u00e9atifs au Vitrail - Sud Vitrail Mosa\u00efque\" \/>\n<meta property=\"og:description\" content=\"Formation et stage cr\u00e9atifs : Formez-vous aux techniques prestigieuses du vitrail. Atelier Sud Vitrail Mosa\u00efque - Brignoles en PACA dans le Var (83).\" \/>\n<meta property=\"og:url\" content=\"https:\/\/www.sudvitrailmosaique.fr\/index.php\/formation-stage-creatifs-vitrail\/\" \/>\n<meta property=\"og:site_name\" content=\"Sud Vitrail Mosa\u00efque\" \/>\n<meta property=\"article:publisher\" content=\"https:\/\/www.facebook.com\/Sudvitrailmosaique\/\" \/>\n<meta property=\"article:modified_time\" content=\"2025-04-28T05:29:30+00:00\" \/>\n<meta property=\"og:image\" content=\"https:\/\/www.sudvitrailmosaique.fr\/wp-content\/uploads\/2011\/10\/Atelier-Vitrail-Tiffany.gif\" \/>\n\t<meta property=\"og:image:width\" content=\"448\" \/>\n\t<meta property=\"og:image:height\" content=\"448\" \/>\n\t<meta property=\"og:image:type\" content=\"image\/gif\" \/>\n<meta name=\"twitter:label1\" content=\"Dur\u00e9e de lecture estim\u00e9e\" \/>\n\t<meta name=\"twitter:data1\" content=\"1 minute\" \/>\n<script type=\"application\/ld+json\" class=\"yoast-schema-graph\">{\"@context\":\"https:\\\/\\\/schema.org\",\"@graph\":[{\"@type\":\"WebPage\",\"@id\":\"https:\\\/\\\/www.sudvitrailmosaique.fr\\\/index.php\\\/formation-stage-creatifs-vitrail\\\/\",\"url\":\"https:\\\/\\\/www.sudvitrailmosaique.fr\\\/index.php\\\/formation-stage-creatifs-vitrail\\\/\",\"name\":\"Formation et Stage cr\u00e9atifs au Vitrail - Sud Vitrail Mosa\u00efque\",\"isPartOf\":{\"@id\":\"https:\\\/\\\/www.sudvitrailmosaique.fr\\\/#website\"},\"primaryImageOfPage\":{\"@id\":\"https:\\\/\\\/www.sudvitrailmosaique.fr\\\/index.php\\\/formation-stage-creatifs-vitrail\\\/#primaryimage\"},\"image\":{\"@id\":\"https:\\\/\\\/www.sudvitrailmosaique.fr\\\/index.php\\\/formation-stage-creatifs-vitrail\\\/#primaryimage\"},\"thumbnailUrl\":\"https:\\\/\\\/www.sudvitrailmosaique.fr\\\/wp-content\\\/uploads\\\/2011\\\/10\\\/Atelier-Vitrail-Tiffany.gif\",\"datePublished\":\"2009-11-23T15:29:42+00:00\",\"dateModified\":\"2025-04-28T05:29:30+00:00\",\"description\":\"Formation et stage cr\u00e9atifs : Formez-vous aux techniques prestigieuses du vitrail. Atelier Sud Vitrail Mosa\u00efque - Brignoles en PACA dans le Var (83).\",\"breadcrumb\":{\"@id\":\"https:\\\/\\\/www.sudvitrailmosaique.fr\\\/index.php\\\/formation-stage-creatifs-vitrail\\\/#breadcrumb\"},\"inLanguage\":\"fr-FR\",\"potentialAction\":[{\"@type\":\"ReadAction\",\"target\":[\"https:\\\/\\\/www.sudvitrailmosaique.fr\\\/index.php\\\/formation-stage-creatifs-vitrail\\\/\"]}]},{\"@type\":\"ImageObject\",\"inLanguage\":\"fr-FR\",\"@id\":\"https:\\\/\\\/www.sudvitrailmosaique.fr\\\/index.php\\\/formation-stage-creatifs-vitrail\\\/#primaryimage\",\"url\":\"https:\\\/\\\/www.sudvitrailmosaique.fr\\\/wp-content\\\/uploads\\\/2011\\\/10\\\/Atelier-Vitrail-Tiffany.gif\",\"contentUrl\":\"https:\\\/\\\/www.sudvitrailmosaique.fr\\\/wp-content\\\/uploads\\\/2011\\\/10\\\/Atelier-Vitrail-Tiffany.gif\",\"width\":448,\"height\":448,\"caption\":\"Atelier Vitrail Tiffany\"},{\"@type\":\"BreadcrumbList\",\"@id\":\"https:\\\/\\\/www.sudvitrailmosaique.fr\\\/index.php\\\/formation-stage-creatifs-vitrail\\\/#breadcrumb\",\"itemListElement\":[{\"@type\":\"ListItem\",\"position\":1,\"name\":\"Accueil\",\"item\":\"https:\\\/\\\/www.sudvitrailmosaique.fr\\\/\"},{\"@type\":\"ListItem\",\"position\":2,\"name\":\"Formation : Vitrail et Mosa\u00efque\"}]},{\"@type\":\"WebSite\",\"@id\":\"https:\\\/\\\/www.sudvitrailmosaique.fr\\\/#website\",\"url\":\"https:\\\/\\\/www.sudvitrailmosaique.fr\\\/\",\"name\":\"Sud Vitrail Mosa\u00efque\",\"description\":\"La magie du Vitrail et de la Mosa\u00efque \u00e0 Brignoles (83170) dans le Var\",\"publisher\":{\"@id\":\"https:\\\/\\\/www.sudvitrailmosaique.fr\\\/#organization\"},\"potentialAction\":[{\"@type\":\"SearchAction\",\"target\":{\"@type\":\"EntryPoint\",\"urlTemplate\":\"https:\\\/\\\/www.sudvitrailmosaique.fr\\\/?s={search_term_string}\"},\"query-input\":{\"@type\":\"PropertyValueSpecification\",\"valueRequired\":true,\"valueName\":\"search_term_string\"}}],\"inLanguage\":\"fr-FR\"},{\"@type\":\"Organization\",\"@id\":\"https:\\\/\\\/www.sudvitrailmosaique.fr\\\/#organization\",\"name\":\"SUD VITRAIL MOSA\u00cfQUE\",\"url\":\"https:\\\/\\\/www.sudvitrailmosaique.fr\\\/\",\"logo\":{\"@type\":\"ImageObject\",\"inLanguage\":\"fr-FR\",\"@id\":\"https:\\\/\\\/www.sudvitrailmosaique.fr\\\/#\\\/schema\\\/logo\\\/image\\\/\",\"url\":\"https:\\\/\\\/www.sudvitrailmosaique.fr\\\/wp-content\\\/uploads\\\/2014\\\/01\\\/logo1.png\",\"contentUrl\":\"https:\\\/\\\/www.sudvitrailmosaique.fr\\\/wp-content\\\/uploads\\\/2014\\\/01\\\/logo1.png\",\"width\":120,\"height\":120,\"caption\":\"SUD VITRAIL MOSA\u00cfQUE\"},\"image\":{\"@id\":\"https:\\\/\\\/www.sudvitrailmosaique.fr\\\/#\\\/schema\\\/logo\\\/image\\\/\"},\"sameAs\":[\"https:\\\/\\\/www.facebook.com\\\/Sudvitrailmosaique\\\/\",\"https:\\\/\\\/www.pinterest.fr\\\/cjegauthier\\\/\",\"https:\\\/\\\/www.instagram.com\\\/sudvitrailmosaique\\\/\"]}]}<\/script>\n<!-- \/ Yoast SEO plugin. -->","yoast_head_json":{"title":"Formation et Stage cr\u00e9atifs au Vitrail - Sud Vitrail Mosa\u00efque","description":"Formation et stage cr\u00e9atifs : Formez-vous aux techniques prestigieuses du vitrail. Atelier Sud Vitrail Mosa\u00efque - Brignoles en PACA dans le Var (83).","robots":{"index":"index","follow":"follow","max-snippet":"max-snippet:-1","max-image-preview":"max-image-preview:large","max-video-preview":"max-video-preview:-1"},"canonical":"https:\/\/www.sudvitrailmosaique.fr\/index.php\/formation-stage-creatifs-vitrail\/","og_locale":"fr_FR","og_type":"article","og_title":"Formation et Stage cr\u00e9atifs au Vitrail - Sud Vitrail Mosa\u00efque","og_description":"Formation et stage cr\u00e9atifs : Formez-vous aux techniques prestigieuses du vitrail. Atelier Sud Vitrail Mosa\u00efque - Brignoles en PACA dans le Var (83).","og_url":"https:\/\/www.sudvitrailmosaique.fr\/index.php\/formation-stage-creatifs-vitrail\/","og_site_name":"Sud Vitrail Mosa\u00efque","article_publisher":"https:\/\/www.facebook.com\/Sudvitrailmosaique\/","article_modified_time":"2025-04-28T05:29:30+00:00","og_image":[{"width":448,"height":448,"url":"https:\/\/www.sudvitrailmosaique.fr\/wp-content\/uploads\/2011\/10\/Atelier-Vitrail-Tiffany.gif","type":"image\/gif"}],"twitter_misc":{"Dur\u00e9e de lecture estim\u00e9e":"1 minute"},"schema":{"@context":"https:\/\/schema.org","@graph":[{"@type":"WebPage","@id":"https:\/\/www.sudvitrailmosaique.fr\/index.php\/formation-stage-creatifs-vitrail\/","url":"https:\/\/www.sudvitrailmosaique.fr\/index.php\/formation-stage-creatifs-vitrail\/","name":"Formation et Stage cr\u00e9atifs au Vitrail - Sud Vitrail Mosa\u00efque","isPartOf":{"@id":"https:\/\/www.sudvitrailmosaique.fr\/#website"},"primaryImageOfPage":{"@id":"https:\/\/www.sudvitrailmosaique.fr\/index.php\/formation-stage-creatifs-vitrail\/#primaryimage"},"image":{"@id":"https:\/\/www.sudvitrailmosaique.fr\/index.php\/formation-stage-creatifs-vitrail\/#primaryimage"},"thumbnailUrl":"https:\/\/www.sudvitrailmosaique.fr\/wp-content\/uploads\/2011\/10\/Atelier-Vitrail-Tiffany.gif","datePublished":"2009-11-23T15:29:42+00:00","dateModified":"2025-04-28T05:29:30+00:00","description":"Formation et stage cr\u00e9atifs : Formez-vous aux techniques prestigieuses du vitrail. Atelier Sud Vitrail Mosa\u00efque - Brignoles en PACA dans le Var (83).","breadcrumb":{"@id":"https:\/\/www.sudvitrailmosaique.fr\/index.php\/formation-stage-creatifs-vitrail\/#breadcrumb"},"inLanguage":"fr-FR","potentialAction":[{"@type":"ReadAction","target":["https:\/\/www.sudvitrailmosaique.fr\/index.php\/formation-stage-creatifs-vitrail\/"]}]},{"@type":"ImageObject","inLanguage":"fr-FR","@id":"https:\/\/www.sudvitrailmosaique.fr\/index.php\/formation-stage-creatifs-vitrail\/#primaryimage","url":"https:\/\/www.sudvitrailmosaique.fr\/wp-content\/uploads\/2011\/10\/Atelier-Vitrail-Tiffany.gif","contentUrl":"https:\/\/www.sudvitrailmosaique.fr\/wp-content\/uploads\/2011\/10\/Atelier-Vitrail-Tiffany.gif","width":448,"height":448,"caption":"Atelier Vitrail Tiffany"},{"@type":"BreadcrumbList","@id":"https:\/\/www.sudvitrailmosaique.fr\/index.php\/formation-stage-creatifs-vitrail\/#breadcrumb","itemListElement":[{"@type":"ListItem","position":1,"name":"Accueil","item":"https:\/\/www.sudvitrailmosaique.fr\/"},{"@type":"ListItem","position":2,"name":"Formation : Vitrail et Mosa\u00efque"}]},{"@type":"WebSite","@id":"https:\/\/www.sudvitrailmosaique.fr\/#website","url":"https:\/\/www.sudvitrailmosaique.fr\/","name":"Sud Vitrail Mosa\u00efque","description":"La magie du Vitrail et de la Mosa\u00efque \u00e0 Brignoles (83170) dans le Var","publisher":{"@id":"https:\/\/www.sudvitrailmosaique.fr\/#organization"},"potentialAction":[{"@type":"SearchAction","target":{"@type":"EntryPoint","urlTemplate":"https:\/\/www.sudvitrailmosaique.fr\/?s={search_term_string}"},"query-input":{"@type":"PropertyValueSpecification","valueRequired":true,"valueName":"search_term_string"}}],"inLanguage":"fr-FR"},{"@type":"Organization","@id":"https:\/\/www.sudvitrailmosaique.fr\/#organization","name":"SUD VITRAIL MOSA\u00cfQUE","url":"https:\/\/www.sudvitrailmosaique.fr\/","logo":{"@type":"ImageObject","inLanguage":"fr-FR","@id":"https:\/\/www.sudvitrailmosaique.fr\/#\/schema\/logo\/image\/","url":"https:\/\/www.sudvitrailmosaique.fr\/wp-content\/uploads\/2014\/01\/logo1.png","contentUrl":"https:\/\/www.sudvitrailmosaique.fr\/wp-content\/uploads\/2014\/01\/logo1.png","width":120,"height":120,"caption":"SUD VITRAIL MOSA\u00cfQUE"},"image":{"@id":"https:\/\/www.sudvitrailmosaique.fr\/#\/schema\/logo\/image\/"},"sameAs":["https:\/\/www.facebook.com\/Sudvitrailmosaique\/","https:\/\/www.pinterest.fr\/cjegauthier\/","https:\/\/www.instagram.com\/sudvitrailmosaique\/"]}]}},"_links":{"self":[{"href":"https:\/\/www.sudvitrailmosaique.fr\/index.php\/wp-json\/wp\/v2\/pages\/9","targetHints":{"allow":["GET"]}}],"collection":[{"href":"https:\/\/www.sudvitrailmosaique.fr\/index.php\/wp-json\/wp\/v2\/pages"}],"about":[{"href":"https:\/\/www.sudvitrailmosaique.fr\/index.php\/wp-json\/wp\/v2\/types\/page"}],"author":[{"embeddable":true,"href":"https:\/\/www.sudvitrailmosaique.fr\/index.php\/wp-json\/wp\/v2\/users\/5"}],"replies":[{"embeddable":true,"href":"https:\/\/www.sudvitrailmosaique.fr\/index.php\/wp-json\/wp\/v2\/comments?post=9"}],"version-history":[{"count":0,"href":"https:\/\/www.sudvitrailmosaique.fr\/index.php\/wp-json\/wp\/v2\/pages\/9\/revisions"}],"wp:attachment":[{"href":"https:\/\/www.sudvitrailmosaique.fr\/index.php\/wp-json\/wp\/v2\/media?parent=9"}],"curies":[{"name":"wp","href":"https:\/\/api.w.org\/{rel}","templated":true}]}}