{"id":23,"date":"2009-11-23T16:54:53","date_gmt":"2009-11-23T15:54:53","guid":{"rendered":"http:\/\/www.sudvitrailmosaique.fr\/index.php?page_id=23"},"modified":"2023-05-09T10:52:53","modified_gmt":"2023-05-09T09:52:53","slug":"technique-vitrail-tiffany-plomb","status":"publish","type":"page","link":"https:\/\/www.sudvitrailmosaique.fr\/index.php\/art-du-vitrail\/technique-vitrail-tiffany-plomb\/","title":{"rendered":"Technique Vitrail Tiffany-Plomb"},"content":{"rendered":"\t\t<div data-elementor-type=\"wp-page\" data-elementor-id=\"23\" class=\"elementor elementor-23\">\n\t\t\t\t\t\t<section class=\"elementor-section elementor-top-section elementor-element elementor-element-6c5ebfae elementor-section-full_width elementor-section-height-default elementor-section-height-default\" data-id=\"6c5ebfae\" data-element_type=\"section\" data-e-type=\"section\">\n\t\t\t\t\t\t<div class=\"elementor-container elementor-column-gap-default\">\n\t\t\t\t\t<div class=\"elementor-column elementor-col-100 elementor-top-column elementor-element elementor-element-640be1bd\" data-id=\"640be1bd\" data-element_type=\"column\" data-e-type=\"column\">\n\t\t\t<div class=\"elementor-widget-wrap elementor-element-populated\">\n\t\t\t\t\t\t<div class=\"elementor-element elementor-element-1beb754 elementor-widget elementor-widget-text-editor\" data-id=\"1beb754\" data-element_type=\"widget\" data-e-type=\"widget\" data-widget_type=\"text-editor.default\">\n\t\t\t\t<div class=\"elementor-widget-container\">\n\t\t\t\t\t\t\t\t\t<p style=\"text-align: justify;\">Technique vitrail Tiffany-Plomb : Les techniques de fabrication du verre et d&rsquo;assemblage des vitraux se sont diversifi\u00e9es aujourd&rsquo;hui gr\u00e2ce \u00e0 la technologie. Cependant, la r\u00e9alisation d&rsquo;un vitrail reste un long travail qui s&rsquo;appuie sur des m\u00e9thodes de fabrication traditionnelles qui ont peu vari\u00e9 depuis le Moyen-Age.<\/p>\r\n<p style=\"text-align: justify;\">Avant de d\u00e9marrer tout travail, il est indispensable d&rsquo;\u00e9tudier l&rsquo;environnement dans lequel sera plac\u00e9 le vitrail car le lieu, l&rsquo;\u00e9clairage, l&rsquo;orientation, la hauteur, la lumi\u00e8res&#8230; seront autant d&rsquo;\u00e9l\u00e9ments qui guideront dans la composition et l&rsquo;ex\u00e9cution du panneaux.<\/p>\r\n<p style=\"text-align: justify;\">La r\u00e9alisation d&rsquo;un \u00ab\u00a0vitrail traditionnel au plomb\u00a0\u00bb ou d&rsquo;un \u00ab\u00a0vitrail Tiffany\u00a0\u00bb utilise d&rsquo;une mani\u00e8re g\u00e9n\u00e9rale, les m\u00eames proc\u00e9d\u00e9s, seul l&rsquo;assemblage diff\u00e8re.<\/p>\r\n\r\n<h2>Technique pour la cr\u00e9ation d&rsquo;une maquette<\/h2>\r\n<p style=\"text-align: justify;\">La maquette est une esquisse tr\u00e8s pr\u00e9cise qui r\u00e9v\u00e8le la future apparence du vitrail. Elle est color\u00e9e, indique le trac\u00e9 des plombs et fait fonction de r\u00e9f\u00e9rence tout au long de l&rsquo;\u00e9laboration du vitrail. Souvent con\u00e7ue au 1\/20\u00e8me, cette maquette sert aussi de base au carton.\r\nLe carton est r\u00e9alis\u00e9 aux dimensions r\u00e9elles du vitrail et ensuite dupliqu\u00e9 \u00e0 l&rsquo;aide de papier carbone en trois exemplaires :<\/p>\r\n\r\n<ul style=\"padding-left: 30px;\">\r\n \t<li>le premier pour le plan de travail<\/li>\r\n<\/ul>\r\n<ul style=\"padding-left: 30px;\">\r\n \t<li>le second sert de gabarit (les pi\u00e8ces sont d\u00e9coup\u00e9es \u00e0 partir de celui-ci)<\/li>\r\n<\/ul>\r\n<ul style=\"padding-left: 30px;\">\r\n \t<li>le troisi\u00e8me a un r\u00f4le de \u00ab\u00a0sauvegarde\u00a0\u00bb<\/li>\r\n<\/ul>\r\n<p style=\"text-align: justify;\">Les pi\u00e8ces sont num\u00e9rot\u00e9es sur chacun des exemplaires. Ensuite, on proc\u00e8de au calibrage en d\u00e9coupant suivant le trac\u00e9 obtenu. Des ciseaux \u00e0 3 lames sont utilis\u00e9s pour ce d\u00e9coupage.<\/p>\r\n\r\n<h2>Technique de coupe du verre<\/h2>\r\n<p style=\"text-align: justify;\">Le gabarit de la pi\u00e8ce est pos\u00e9 sur le verre et reproduit fid\u00e8lement avec un stylo permanent. La d\u00e9coupe du verre se fait \u00e0 l&rsquo;aide d&rsquo;un coupe verre (diamant ou molette). Ensuite, il faut d\u00e9tacher la pi\u00e8ce, par pression des doigts ou \u00e0 la pince. Pour les coupes plus difficiles, un petit marteau appel\u00e9 \u00ab\u00a0marteline\u00a0\u00bb est utilis\u00e9 pour ouvrir la coupe.\r\nLa pi\u00e8ce num\u00e9rot\u00e9e est plac\u00e9e sur le gabarit du plan de travail et l&rsquo;action est r\u00e9p\u00e9t\u00e9e pour chaque pi\u00e8ce.<\/p>\r\n\r\n<h2>Diff\u00e9rentes techniques de peinture sur verre<\/h2>\r\nSi la maquette le demande, on peut d\u00e9corer le verre selon diff\u00e9rentes techniques de peinture :\r\n<ul style=\"padding-left: 30px;\">\r\n \t<li style=\"text-align: justify;\">la grisaille est g\u00e9n\u00e9ralement utilis\u00e9e pour les traits et peut \u00e9galement servir \u00e0 dessiner un trait opaque en compl\u00e9ment du chemin de plomb.<\/li>\r\n<\/ul>\r\n<ul style=\"padding-left: 30px;\">\r\n \t<li style=\"text-align: justify;\">les \u00e9maux apportent quant \u00e0 eux une couleur suppl\u00e9mentaire au verre et pr\u00e9sentent un fini translucide et brillant apr\u00e8s sa cuisson.<\/li>\r\n<\/ul>\r\n<ul style=\"padding-left: 30px;\">\r\n \t<li style=\"text-align: justify;\">le jaune d&rsquo;argent apporte une coloration pouvant aller du jaune tr\u00e8s clair au brun orang\u00e9 fonc\u00e9.<\/li>\r\n<\/ul>\r\n<h2>La technique du sertissage\r\n(vitrail traditionnel)<\/h2>\r\n<p style=\"text-align: justify;\">Le travail de peinture termin\u00e9, c&rsquo;est la \u00ab\u00a0mise en plomb\u00a0\u00bb ou \u00ab\u00a0montage\u00a0\u00bb qui doit respecter le chemin de plomb pr\u00e9vu lors du calibrage. Le sertissage consiste \u00e0 assembler les pi\u00e8ces de verre en les encastrant dans des baguettes de plomb. Les points d&rsquo;intersection sont soud\u00e9s \u00e0 l&rsquo;\u00e9tain sur les deux faces. Les soudures consolidant le r\u00e9seau de plomb.<\/p>\r\n\r\n<h2>La technique du masticage<\/h2>\r\n<p style=\"text-align: justify;\">Les soudures termin\u00e9es sur chaque face du vitrail, il faut \u00e0 pr\u00e9sent consolider et \u00e9tancher celui-ci gr\u00e2ce au masticage. Un mastic semi-liquide est donc appliqu\u00e9 afin de combler les petits espaces entre le verre et le plomb.<\/p>\r\n\r\n<h2>La technique d&rsquo;enrobage au film de cuivre et soudure\r\n(vitrail Tiffany)<\/h2>\r\n<p style=\"text-align: justify;\">Une fois les morceaux de verre meul\u00e9s et soigneusement nettoy\u00e9s, les pi\u00e8ces sont serties d&rsquo;un ruban de cuivre autocollant. Cette op\u00e9ration doit \u00eatre r\u00e9alis\u00e9e avec minutie afin de garantir une adh\u00e9sion parfaite. Le vitrail est alors pr\u00eat \u00e0 \u00eatre mont\u00e9 sur le plan de travail. La soudure est effectu\u00e9e d&rsquo;abord par points puis recouvre int\u00e9gralement le cuivre. Elle doit \u00eatre r\u00e9alis\u00e9e avec soin afin de pr\u00e9senter une belle r\u00e9gularit\u00e9 et cet aspect \u00ab\u00a0bomb\u00e9\u00a0\u00bb particulier.<\/p>\r\n<p style=\"text-align: center;\">En dernier lieu, le vitrail est nettoy\u00e9.<\/p>\t\t\t\t\t\t\t\t<\/div>\n\t\t\t\t<\/div>\n\t\t\t\t\t<\/div>\n\t\t<\/div>\n\t\t\t\t\t<\/div>\n\t\t<\/section>\n\t\t\t\t<\/div>\n\t\t","protected":false},"excerpt":{"rendered":"<p>Technique vitrail Tiffany-Plomb : Les techniques de fabrication du verre et d&rsquo;assemblage des vitraux se sont diversifi\u00e9es aujourd&rsquo;hui gr\u00e2ce \u00e0 la technologie. Cependant, la r\u00e9alisation d&rsquo;un vitrail reste un long travail qui s&rsquo;appuie sur des m\u00e9thodes de fabrication traditionnelles qui ont peu vari\u00e9 depuis le Moyen-Age. Avant de d\u00e9marrer tout travail, il est indispensable d&rsquo;\u00e9tudier [&hellip;]<\/p>\n","protected":false},"author":5,"featured_media":0,"parent":5,"menu_order":2,"comment_status":"closed","ping_status":"closed","template":"","meta":{"ocean_post_layout":"","ocean_both_sidebars_style":"","ocean_both_sidebars_content_width":0,"ocean_both_sidebars_sidebars_width":0,"ocean_sidebar":"0","ocean_second_sidebar":"0","ocean_disable_margins":"enable","ocean_add_body_class":"","ocean_shortcode_before_top_bar":"","ocean_shortcode_after_top_bar":"","ocean_shortcode_before_header":"","ocean_shortcode_after_header":"","ocean_has_shortcode":"","ocean_shortcode_after_title":"","ocean_shortcode_before_footer_widgets":"","ocean_shortcode_after_footer_widgets":"","ocean_shortcode_before_footer_bottom":"","ocean_shortcode_after_footer_bottom":"","ocean_display_top_bar":"default","ocean_display_header":"default","ocean_header_style":"","ocean_center_header_left_menu":"0","ocean_custom_header_template":"0","ocean_custom_logo":0,"ocean_custom_retina_logo":0,"ocean_custom_logo_max_width":0,"ocean_custom_logo_tablet_max_width":0,"ocean_custom_logo_mobile_max_width":0,"ocean_custom_logo_max_height":0,"ocean_custom_logo_tablet_max_height":0,"ocean_custom_logo_mobile_max_height":0,"ocean_header_custom_menu":"0","ocean_menu_typo_font_family":"0","ocean_menu_typo_font_subset":"","ocean_menu_typo_font_size":0,"ocean_menu_typo_font_size_tablet":0,"ocean_menu_typo_font_size_mobile":0,"ocean_menu_typo_font_size_unit":"px","ocean_menu_typo_font_weight":"","ocean_menu_typo_font_weight_tablet":"","ocean_menu_typo_font_weight_mobile":"","ocean_menu_typo_transform":"","ocean_menu_typo_transform_tablet":"","ocean_menu_typo_transform_mobile":"","ocean_menu_typo_line_height":0,"ocean_menu_typo_line_height_tablet":0,"ocean_menu_typo_line_height_mobile":0,"ocean_menu_typo_line_height_unit":"","ocean_menu_typo_spacing":0,"ocean_menu_typo_spacing_tablet":0,"ocean_menu_typo_spacing_mobile":0,"ocean_menu_typo_spacing_unit":"","ocean_menu_link_color":"","ocean_menu_link_color_hover":"","ocean_menu_link_color_active":"","ocean_menu_link_background":"","ocean_menu_link_hover_background":"","ocean_menu_link_active_background":"","ocean_menu_social_links_bg":"","ocean_menu_social_hover_links_bg":"","ocean_menu_social_links_color":"","ocean_menu_social_hover_links_color":"","ocean_disable_title":"default","ocean_disable_heading":"default","ocean_post_title":"","ocean_post_subheading":"","ocean_post_title_style":"","ocean_post_title_background_color":"","ocean_post_title_background":0,"ocean_post_title_bg_image_position":"","ocean_post_title_bg_image_attachment":"","ocean_post_title_bg_image_repeat":"","ocean_post_title_bg_image_size":"","ocean_post_title_height":0,"ocean_post_title_bg_overlay":0.5,"ocean_post_title_bg_overlay_color":"","ocean_disable_breadcrumbs":"default","ocean_breadcrumbs_color":"","ocean_breadcrumbs_separator_color":"","ocean_breadcrumbs_links_color":"","ocean_breadcrumbs_links_hover_color":"","ocean_display_footer_widgets":"default","ocean_display_footer_bottom":"default","ocean_custom_footer_template":"0","footnotes":""},"class_list":["post-23","page","type-page","status-publish","hentry","entry","owp-thumbs-layout-horizontal","owp-btn-very-big","owp-tabs-layout-horizontal","has-no-thumbnails","has-product-nav","circle-sale"],"yoast_head":"<!-- This site is optimized with the Yoast SEO plugin v27.4 - https:\/\/yoast.com\/product\/yoast-seo-wordpress\/ -->\n<title>Technique Vitrail Tiffany-Plomb - Sud Vitrail Mosa\u00efque<\/title>\n<meta name=\"description\" content=\"Technique vitrail Tiffany-Plomb. Anciennement : la technique au plomb et plus actuelle : la technique plus Tiffany (cuivre et \u00e9tain)\" \/>\n<meta name=\"robots\" content=\"index, follow, max-snippet:-1, max-image-preview:large, max-video-preview:-1\" \/>\n<link rel=\"canonical\" href=\"https:\/\/www.sudvitrailmosaique.fr\/index.php\/art-du-vitrail\/technique-vitrail-tiffany-plomb\/\" \/>\n<meta property=\"og:locale\" content=\"fr_FR\" \/>\n<meta property=\"og:type\" content=\"article\" \/>\n<meta property=\"og:title\" content=\"Technique Vitrail Tiffany-Plomb - Sud Vitrail Mosa\u00efque\" \/>\n<meta property=\"og:description\" content=\"Technique vitrail Tiffany-Plomb. Anciennement : la technique au plomb et plus actuelle : la technique plus Tiffany (cuivre et \u00e9tain)\" \/>\n<meta property=\"og:url\" content=\"https:\/\/www.sudvitrailmosaique.fr\/index.php\/art-du-vitrail\/technique-vitrail-tiffany-plomb\/\" \/>\n<meta property=\"og:site_name\" content=\"Sud Vitrail Mosa\u00efque\" \/>\n<meta property=\"article:publisher\" content=\"https:\/\/www.facebook.com\/Sudvitrailmosaique\/\" \/>\n<meta property=\"article:modified_time\" content=\"2023-05-09T09:52:53+00:00\" \/>\n<meta name=\"twitter:label1\" content=\"Dur\u00e9e de lecture estim\u00e9e\" \/>\n\t<meta name=\"twitter:data1\" content=\"3 minutes\" \/>\n<script type=\"application\/ld+json\" class=\"yoast-schema-graph\">{\"@context\":\"https:\\\/\\\/schema.org\",\"@graph\":[{\"@type\":\"WebPage\",\"@id\":\"https:\\\/\\\/www.sudvitrailmosaique.fr\\\/index.php\\\/art-du-vitrail\\\/technique-vitrail-tiffany-plomb\\\/\",\"url\":\"https:\\\/\\\/www.sudvitrailmosaique.fr\\\/index.php\\\/art-du-vitrail\\\/technique-vitrail-tiffany-plomb\\\/\",\"name\":\"Technique Vitrail Tiffany-Plomb - Sud Vitrail Mosa\u00efque\",\"isPartOf\":{\"@id\":\"https:\\\/\\\/www.sudvitrailmosaique.fr\\\/#website\"},\"datePublished\":\"2009-11-23T15:54:53+00:00\",\"dateModified\":\"2023-05-09T09:52:53+00:00\",\"description\":\"Technique vitrail Tiffany-Plomb. Anciennement : la technique au plomb et plus actuelle : la technique plus Tiffany (cuivre et \u00e9tain)\",\"breadcrumb\":{\"@id\":\"https:\\\/\\\/www.sudvitrailmosaique.fr\\\/index.php\\\/art-du-vitrail\\\/technique-vitrail-tiffany-plomb\\\/#breadcrumb\"},\"inLanguage\":\"fr-FR\",\"potentialAction\":[{\"@type\":\"ReadAction\",\"target\":[\"https:\\\/\\\/www.sudvitrailmosaique.fr\\\/index.php\\\/art-du-vitrail\\\/technique-vitrail-tiffany-plomb\\\/\"]}]},{\"@type\":\"BreadcrumbList\",\"@id\":\"https:\\\/\\\/www.sudvitrailmosaique.fr\\\/index.php\\\/art-du-vitrail\\\/technique-vitrail-tiffany-plomb\\\/#breadcrumb\",\"itemListElement\":[{\"@type\":\"ListItem\",\"position\":1,\"name\":\"Accueil\",\"item\":\"https:\\\/\\\/www.sudvitrailmosaique.fr\\\/\"},{\"@type\":\"ListItem\",\"position\":2,\"name\":\"Art du Vitrail\",\"item\":\"https:\\\/\\\/www.sudvitrailmosaique.fr\\\/index.php\\\/art-du-vitrail\\\/\"},{\"@type\":\"ListItem\",\"position\":3,\"name\":\"Technique Vitrail Tiffany-Plomb\"}]},{\"@type\":\"WebSite\",\"@id\":\"https:\\\/\\\/www.sudvitrailmosaique.fr\\\/#website\",\"url\":\"https:\\\/\\\/www.sudvitrailmosaique.fr\\\/\",\"name\":\"Sud Vitrail Mosa\u00efque\",\"description\":\"La magie du Vitrail et de la Mosa\u00efque \u00e0 Brignoles (83170) dans le Var\",\"publisher\":{\"@id\":\"https:\\\/\\\/www.sudvitrailmosaique.fr\\\/#organization\"},\"potentialAction\":[{\"@type\":\"SearchAction\",\"target\":{\"@type\":\"EntryPoint\",\"urlTemplate\":\"https:\\\/\\\/www.sudvitrailmosaique.fr\\\/?s={search_term_string}\"},\"query-input\":{\"@type\":\"PropertyValueSpecification\",\"valueRequired\":true,\"valueName\":\"search_term_string\"}}],\"inLanguage\":\"fr-FR\"},{\"@type\":\"Organization\",\"@id\":\"https:\\\/\\\/www.sudvitrailmosaique.fr\\\/#organization\",\"name\":\"SUD VITRAIL MOSA\u00cfQUE\",\"url\":\"https:\\\/\\\/www.sudvitrailmosaique.fr\\\/\",\"logo\":{\"@type\":\"ImageObject\",\"inLanguage\":\"fr-FR\",\"@id\":\"https:\\\/\\\/www.sudvitrailmosaique.fr\\\/#\\\/schema\\\/logo\\\/image\\\/\",\"url\":\"https:\\\/\\\/www.sudvitrailmosaique.fr\\\/wp-content\\\/uploads\\\/2014\\\/01\\\/logo1.png\",\"contentUrl\":\"https:\\\/\\\/www.sudvitrailmosaique.fr\\\/wp-content\\\/uploads\\\/2014\\\/01\\\/logo1.png\",\"width\":120,\"height\":120,\"caption\":\"SUD VITRAIL MOSA\u00cfQUE\"},\"image\":{\"@id\":\"https:\\\/\\\/www.sudvitrailmosaique.fr\\\/#\\\/schema\\\/logo\\\/image\\\/\"},\"sameAs\":[\"https:\\\/\\\/www.facebook.com\\\/Sudvitrailmosaique\\\/\",\"https:\\\/\\\/www.pinterest.fr\\\/cjegauthier\\\/\",\"https:\\\/\\\/www.instagram.com\\\/sudvitrailmosaique\\\/\"]}]}<\/script>\n<!-- \/ Yoast SEO plugin. -->","yoast_head_json":{"title":"Technique Vitrail Tiffany-Plomb - Sud Vitrail Mosa\u00efque","description":"Technique vitrail Tiffany-Plomb. Anciennement : la technique au plomb et plus actuelle : la technique plus Tiffany (cuivre et \u00e9tain)","robots":{"index":"index","follow":"follow","max-snippet":"max-snippet:-1","max-image-preview":"max-image-preview:large","max-video-preview":"max-video-preview:-1"},"canonical":"https:\/\/www.sudvitrailmosaique.fr\/index.php\/art-du-vitrail\/technique-vitrail-tiffany-plomb\/","og_locale":"fr_FR","og_type":"article","og_title":"Technique Vitrail Tiffany-Plomb - Sud Vitrail Mosa\u00efque","og_description":"Technique vitrail Tiffany-Plomb. Anciennement : la technique au plomb et plus actuelle : la technique plus Tiffany (cuivre et \u00e9tain)","og_url":"https:\/\/www.sudvitrailmosaique.fr\/index.php\/art-du-vitrail\/technique-vitrail-tiffany-plomb\/","og_site_name":"Sud Vitrail Mosa\u00efque","article_publisher":"https:\/\/www.facebook.com\/Sudvitrailmosaique\/","article_modified_time":"2023-05-09T09:52:53+00:00","twitter_misc":{"Dur\u00e9e de lecture estim\u00e9e":"3 minutes"},"schema":{"@context":"https:\/\/schema.org","@graph":[{"@type":"WebPage","@id":"https:\/\/www.sudvitrailmosaique.fr\/index.php\/art-du-vitrail\/technique-vitrail-tiffany-plomb\/","url":"https:\/\/www.sudvitrailmosaique.fr\/index.php\/art-du-vitrail\/technique-vitrail-tiffany-plomb\/","name":"Technique Vitrail Tiffany-Plomb - Sud Vitrail Mosa\u00efque","isPartOf":{"@id":"https:\/\/www.sudvitrailmosaique.fr\/#website"},"datePublished":"2009-11-23T15:54:53+00:00","dateModified":"2023-05-09T09:52:53+00:00","description":"Technique vitrail Tiffany-Plomb. Anciennement : la technique au plomb et plus actuelle : la technique plus Tiffany (cuivre et \u00e9tain)","breadcrumb":{"@id":"https:\/\/www.sudvitrailmosaique.fr\/index.php\/art-du-vitrail\/technique-vitrail-tiffany-plomb\/#breadcrumb"},"inLanguage":"fr-FR","potentialAction":[{"@type":"ReadAction","target":["https:\/\/www.sudvitrailmosaique.fr\/index.php\/art-du-vitrail\/technique-vitrail-tiffany-plomb\/"]}]},{"@type":"BreadcrumbList","@id":"https:\/\/www.sudvitrailmosaique.fr\/index.php\/art-du-vitrail\/technique-vitrail-tiffany-plomb\/#breadcrumb","itemListElement":[{"@type":"ListItem","position":1,"name":"Accueil","item":"https:\/\/www.sudvitrailmosaique.fr\/"},{"@type":"ListItem","position":2,"name":"Art du Vitrail","item":"https:\/\/www.sudvitrailmosaique.fr\/index.php\/art-du-vitrail\/"},{"@type":"ListItem","position":3,"name":"Technique Vitrail Tiffany-Plomb"}]},{"@type":"WebSite","@id":"https:\/\/www.sudvitrailmosaique.fr\/#website","url":"https:\/\/www.sudvitrailmosaique.fr\/","name":"Sud Vitrail Mosa\u00efque","description":"La magie du Vitrail et de la Mosa\u00efque \u00e0 Brignoles (83170) dans le Var","publisher":{"@id":"https:\/\/www.sudvitrailmosaique.fr\/#organization"},"potentialAction":[{"@type":"SearchAction","target":{"@type":"EntryPoint","urlTemplate":"https:\/\/www.sudvitrailmosaique.fr\/?s={search_term_string}"},"query-input":{"@type":"PropertyValueSpecification","valueRequired":true,"valueName":"search_term_string"}}],"inLanguage":"fr-FR"},{"@type":"Organization","@id":"https:\/\/www.sudvitrailmosaique.fr\/#organization","name":"SUD VITRAIL MOSA\u00cfQUE","url":"https:\/\/www.sudvitrailmosaique.fr\/","logo":{"@type":"ImageObject","inLanguage":"fr-FR","@id":"https:\/\/www.sudvitrailmosaique.fr\/#\/schema\/logo\/image\/","url":"https:\/\/www.sudvitrailmosaique.fr\/wp-content\/uploads\/2014\/01\/logo1.png","contentUrl":"https:\/\/www.sudvitrailmosaique.fr\/wp-content\/uploads\/2014\/01\/logo1.png","width":120,"height":120,"caption":"SUD VITRAIL MOSA\u00cfQUE"},"image":{"@id":"https:\/\/www.sudvitrailmosaique.fr\/#\/schema\/logo\/image\/"},"sameAs":["https:\/\/www.facebook.com\/Sudvitrailmosaique\/","https:\/\/www.pinterest.fr\/cjegauthier\/","https:\/\/www.instagram.com\/sudvitrailmosaique\/"]}]}},"_links":{"self":[{"href":"https:\/\/www.sudvitrailmosaique.fr\/index.php\/wp-json\/wp\/v2\/pages\/23","targetHints":{"allow":["GET"]}}],"collection":[{"href":"https:\/\/www.sudvitrailmosaique.fr\/index.php\/wp-json\/wp\/v2\/pages"}],"about":[{"href":"https:\/\/www.sudvitrailmosaique.fr\/index.php\/wp-json\/wp\/v2\/types\/page"}],"author":[{"embeddable":true,"href":"https:\/\/www.sudvitrailmosaique.fr\/index.php\/wp-json\/wp\/v2\/users\/5"}],"replies":[{"embeddable":true,"href":"https:\/\/www.sudvitrailmosaique.fr\/index.php\/wp-json\/wp\/v2\/comments?post=23"}],"version-history":[{"count":0,"href":"https:\/\/www.sudvitrailmosaique.fr\/index.php\/wp-json\/wp\/v2\/pages\/23\/revisions"}],"up":[{"embeddable":true,"href":"https:\/\/www.sudvitrailmosaique.fr\/index.php\/wp-json\/wp\/v2\/pages\/5"}],"wp:attachment":[{"href":"https:\/\/www.sudvitrailmosaique.fr\/index.php\/wp-json\/wp\/v2\/media?parent=23"}],"curies":[{"name":"wp","href":"https:\/\/api.w.org\/{rel}","templated":true}]}}