{"id":1909,"date":"2014-10-19T21:01:07","date_gmt":"2014-10-19T20:01:07","guid":{"rendered":"http:\/\/www.sudvitrailmosaique.fr\/?page_id=1909"},"modified":"2022-06-07T07:05:39","modified_gmt":"2022-06-07T06:05:39","slug":"creations-fusing-bijoux-art-table","status":"publish","type":"page","link":"https:\/\/www.sudvitrailmosaique.fr\/index.php\/mes-creations-vitrail-mosaique-fusing\/creations-fusing-bijoux-art-table\/","title":{"rendered":"Cr\u00e9ations fusing : bijoux, art de la table"},"content":{"rendered":"<h3>D\u00e9couvrez quelques cr\u00e9ations en fusing :<\/h3>\n<p>Lors de votre visite dans la boutique atelier Sud Vitrail Mosa\u00efque, 477 Chemin de la B\u00e9toride &#8211; Les Jardins d&rsquo;Aim\u00e9 2 (83170) en PACA, vous pourrez choisir sur place ou commander une cr\u00e9ation qui sera alors personnalis\u00e9e.<\/p>\n<figure id=\"attachment_1906\" aria-describedby=\"caption-attachment-1906\" style=\"width: 1024px\" class=\"wp-caption aligncenter\"><a href=\"https:\/\/www.sudvitrailmosaique.fr\/wp-content\/uploads\/2014\/10\/Porte-couteaux_fusing.jpg\"><img fetchpriority=\"high\" decoding=\"async\" class=\"size-full wp-image-1906\" src=\"https:\/\/www.sudvitrailmosaique.fr\/wp-content\/uploads\/2014\/10\/Porte-couteaux_fusing.jpg\" alt=\"Cr\u00e9ation Sud Vitrail Mosa\u00efque : Porte couteaux en fusing\" width=\"1024\" height=\"683\" srcset=\"https:\/\/www.sudvitrailmosaique.fr\/wp-content\/uploads\/2014\/10\/Porte-couteaux_fusing.jpg 1024w, https:\/\/www.sudvitrailmosaique.fr\/wp-content\/uploads\/2014\/10\/Porte-couteaux_fusing-600x400.jpg 600w, https:\/\/www.sudvitrailmosaique.fr\/wp-content\/uploads\/2014\/10\/Porte-couteaux_fusing-500x333.jpg 500w\" sizes=\"(max-width: 1024px) 100vw, 1024px\" \/><\/a><figcaption id=\"caption-attachment-1906\" class=\"wp-caption-text\">Cr\u00e9ation Sud Vitrail Mosa\u00efque : Porte couteaux en fusing<\/figcaption><\/figure>\n<figure id=\"attachment_1914\" aria-describedby=\"caption-attachment-1914\" style=\"width: 1024px\" class=\"wp-caption aligncenter\"><a href=\"https:\/\/www.sudvitrailmosaique.fr\/wp-content\/uploads\/2014\/10\/Appliques-fusing_SVM.jpg\"><img decoding=\"async\" class=\"size-full wp-image-1914\" src=\"https:\/\/www.sudvitrailmosaique.fr\/wp-content\/uploads\/2014\/10\/Appliques-fusing_SVM.jpg\" alt=\"Appliques Sud Vitrail Mosa\u00efque en fusing\" width=\"1024\" height=\"683\" srcset=\"https:\/\/www.sudvitrailmosaique.fr\/wp-content\/uploads\/2014\/10\/Appliques-fusing_SVM.jpg 1024w, https:\/\/www.sudvitrailmosaique.fr\/wp-content\/uploads\/2014\/10\/Appliques-fusing_SVM-600x400.jpg 600w, https:\/\/www.sudvitrailmosaique.fr\/wp-content\/uploads\/2014\/10\/Appliques-fusing_SVM-500x333.jpg 500w\" sizes=\"(max-width: 1024px) 100vw, 1024px\" \/><\/a><figcaption id=\"caption-attachment-1914\" class=\"wp-caption-text\">Appliques Sud Vitrail Mosa\u00efque en fusing<\/figcaption><\/figure>\n<figure id=\"attachment_1916\" aria-describedby=\"caption-attachment-1916\" style=\"width: 1024px\" class=\"wp-caption aligncenter\"><a href=\"https:\/\/www.sudvitrailmosaique.fr\/wp-content\/uploads\/2014\/10\/Bagues_SVM.jpg\"><img decoding=\"async\" class=\"size-full wp-image-1916\" src=\"https:\/\/www.sudvitrailmosaique.fr\/wp-content\/uploads\/2014\/10\/Bagues_SVM.jpg\" alt=\"Cr\u00e9ation Sud Vitrail Mosa\u00efque : Bagues fusing\" width=\"1024\" height=\"683\" srcset=\"https:\/\/www.sudvitrailmosaique.fr\/wp-content\/uploads\/2014\/10\/Bagues_SVM.jpg 1024w, https:\/\/www.sudvitrailmosaique.fr\/wp-content\/uploads\/2014\/10\/Bagues_SVM-600x400.jpg 600w, https:\/\/www.sudvitrailmosaique.fr\/wp-content\/uploads\/2014\/10\/Bagues_SVM-500x333.jpg 500w\" sizes=\"(max-width: 1024px) 100vw, 1024px\" \/><\/a><figcaption id=\"caption-attachment-1916\" class=\"wp-caption-text\">Cr\u00e9ation Sud Vitrail Mosa\u00efque : Bagues fusing<\/figcaption><\/figure>\n","protected":false},"excerpt":{"rendered":"<p>D\u00e9couvrez quelques cr\u00e9ations en fusing : Lors de votre visite dans la boutique atelier Sud Vitrail Mosa\u00efque, 477 Chemin de la B\u00e9toride &#8211; Les Jardins d&rsquo;Aim\u00e9 2 (83170) en PACA, vous pourrez choisir sur place ou commander une cr\u00e9ation qui sera alors personnalis\u00e9e.<\/p>\n","protected":false},"author":5,"featured_media":0,"parent":1883,"menu_order":3,"comment_status":"closed","ping_status":"closed","template":"","meta":{"ocean_post_layout":"","ocean_both_sidebars_style":"","ocean_both_sidebars_content_width":0,"ocean_both_sidebars_sidebars_width":0,"ocean_sidebar":"0","ocean_second_sidebar":"0","ocean_disable_margins":"enable","ocean_add_body_class":"","ocean_shortcode_before_top_bar":"","ocean_shortcode_after_top_bar":"","ocean_shortcode_before_header":"","ocean_shortcode_after_header":"","ocean_has_shortcode":"","ocean_shortcode_after_title":"","ocean_shortcode_before_footer_widgets":"","ocean_shortcode_after_footer_widgets":"","ocean_shortcode_before_footer_bottom":"","ocean_shortcode_after_footer_bottom":"","ocean_display_top_bar":"default","ocean_display_header":"default","ocean_header_style":"","ocean_center_header_left_menu":"0","ocean_custom_header_template":"0","ocean_custom_logo":0,"ocean_custom_retina_logo":0,"ocean_custom_logo_max_width":0,"ocean_custom_logo_tablet_max_width":0,"ocean_custom_logo_mobile_max_width":0,"ocean_custom_logo_max_height":0,"ocean_custom_logo_tablet_max_height":0,"ocean_custom_logo_mobile_max_height":0,"ocean_header_custom_menu":"0","ocean_menu_typo_font_family":"0","ocean_menu_typo_font_subset":"","ocean_menu_typo_font_size":0,"ocean_menu_typo_font_size_tablet":0,"ocean_menu_typo_font_size_mobile":0,"ocean_menu_typo_font_size_unit":"px","ocean_menu_typo_font_weight":"","ocean_menu_typo_font_weight_tablet":"","ocean_menu_typo_font_weight_mobile":"","ocean_menu_typo_transform":"","ocean_menu_typo_transform_tablet":"","ocean_menu_typo_transform_mobile":"","ocean_menu_typo_line_height":0,"ocean_menu_typo_line_height_tablet":0,"ocean_menu_typo_line_height_mobile":0,"ocean_menu_typo_line_height_unit":"","ocean_menu_typo_spacing":0,"ocean_menu_typo_spacing_tablet":0,"ocean_menu_typo_spacing_mobile":0,"ocean_menu_typo_spacing_unit":"","ocean_menu_link_color":"","ocean_menu_link_color_hover":"","ocean_menu_link_color_active":"","ocean_menu_link_background":"","ocean_menu_link_hover_background":"","ocean_menu_link_active_background":"","ocean_menu_social_links_bg":"","ocean_menu_social_hover_links_bg":"","ocean_menu_social_links_color":"","ocean_menu_social_hover_links_color":"","ocean_disable_title":"default","ocean_disable_heading":"default","ocean_post_title":"","ocean_post_subheading":"","ocean_post_title_style":"","ocean_post_title_background_color":"","ocean_post_title_background":0,"ocean_post_title_bg_image_position":"","ocean_post_title_bg_image_attachment":"","ocean_post_title_bg_image_repeat":"","ocean_post_title_bg_image_size":"","ocean_post_title_height":0,"ocean_post_title_bg_overlay":0.5,"ocean_post_title_bg_overlay_color":"","ocean_disable_breadcrumbs":"default","ocean_breadcrumbs_color":"","ocean_breadcrumbs_separator_color":"","ocean_breadcrumbs_links_color":"","ocean_breadcrumbs_links_hover_color":"","ocean_display_footer_widgets":"default","ocean_display_footer_bottom":"default","ocean_custom_footer_template":"0","footnotes":""},"class_list":["post-1909","page","type-page","status-publish","hentry","entry","owp-thumbs-layout-horizontal","owp-btn-very-big","owp-tabs-layout-horizontal","has-no-thumbnails","has-product-nav","circle-sale"],"yoast_head":"<!-- This site is optimized with the Yoast SEO plugin v27.3 - https:\/\/yoast.com\/product\/yoast-seo-wordpress\/ -->\n<title>Cr\u00e9ations fusing : bijoux, art de la table - Sud Vitrail Mosa\u00efque<\/title>\n<meta name=\"description\" content=\"Chantal Gauthier r\u00e9alise des cr\u00e9ations en fusing disponibles dans son atelier\/boutique Sud Vitrail Mosa\u00efque, Brignoles (83170) en PACA, 134 Chemin du Puits de Martre - t\u00e9l. 04 94 04 02 90\" \/>\n<meta name=\"robots\" content=\"index, follow, max-snippet:-1, max-image-preview:large, max-video-preview:-1\" \/>\n<link rel=\"canonical\" href=\"https:\/\/www.sudvitrailmosaique.fr\/index.php\/mes-creations-vitrail-mosaique-fusing\/creations-fusing-bijoux-art-table\/\" \/>\n<meta property=\"og:locale\" content=\"fr_FR\" \/>\n<meta property=\"og:type\" content=\"article\" \/>\n<meta property=\"og:title\" content=\"Cr\u00e9ations fusing : bijoux, art de la table - Sud Vitrail Mosa\u00efque\" \/>\n<meta property=\"og:description\" content=\"Chantal Gauthier r\u00e9alise des cr\u00e9ations en fusing disponibles dans son atelier\/boutique Sud Vitrail Mosa\u00efque, Brignoles (83170) en PACA, 134 Chemin du Puits de Martre - t\u00e9l. 04 94 04 02 90\" \/>\n<meta property=\"og:url\" content=\"https:\/\/www.sudvitrailmosaique.fr\/index.php\/mes-creations-vitrail-mosaique-fusing\/creations-fusing-bijoux-art-table\/\" \/>\n<meta property=\"og:site_name\" content=\"Sud Vitrail Mosa\u00efque\" \/>\n<meta property=\"article:publisher\" content=\"https:\/\/www.facebook.com\/Sudvitrailmosaique\/\" \/>\n<meta property=\"article:modified_time\" content=\"2022-06-07T06:05:39+00:00\" \/>\n<meta property=\"og:image\" content=\"https:\/\/www.sudvitrailmosaique.fr\/wp-content\/uploads\/2014\/10\/Porte-couteaux_fusing.jpg\" \/>\n<meta name=\"twitter:label1\" content=\"Dur\u00e9e de lecture estim\u00e9e\" \/>\n\t<meta name=\"twitter:data1\" content=\"1 minute\" \/>\n<script type=\"application\/ld+json\" class=\"yoast-schema-graph\">{\"@context\":\"https:\\\/\\\/schema.org\",\"@graph\":[{\"@type\":\"WebPage\",\"@id\":\"https:\\\/\\\/www.sudvitrailmosaique.fr\\\/index.php\\\/mes-creations-vitrail-mosaique-fusing\\\/creations-fusing-bijoux-art-table\\\/\",\"url\":\"https:\\\/\\\/www.sudvitrailmosaique.fr\\\/index.php\\\/mes-creations-vitrail-mosaique-fusing\\\/creations-fusing-bijoux-art-table\\\/\",\"name\":\"Cr\u00e9ations fusing : bijoux, art de la table - Sud Vitrail Mosa\u00efque\",\"isPartOf\":{\"@id\":\"https:\\\/\\\/www.sudvitrailmosaique.fr\\\/#website\"},\"primaryImageOfPage\":{\"@id\":\"https:\\\/\\\/www.sudvitrailmosaique.fr\\\/index.php\\\/mes-creations-vitrail-mosaique-fusing\\\/creations-fusing-bijoux-art-table\\\/#primaryimage\"},\"image\":{\"@id\":\"https:\\\/\\\/www.sudvitrailmosaique.fr\\\/index.php\\\/mes-creations-vitrail-mosaique-fusing\\\/creations-fusing-bijoux-art-table\\\/#primaryimage\"},\"thumbnailUrl\":\"https:\\\/\\\/www.sudvitrailmosaique.fr\\\/wp-content\\\/uploads\\\/2014\\\/10\\\/Porte-couteaux_fusing.jpg\",\"datePublished\":\"2014-10-19T20:01:07+00:00\",\"dateModified\":\"2022-06-07T06:05:39+00:00\",\"description\":\"Chantal Gauthier r\u00e9alise des cr\u00e9ations en fusing disponibles dans son atelier\\\/boutique Sud Vitrail Mosa\u00efque, Brignoles (83170) en PACA, 134 Chemin du Puits de Martre - t\u00e9l. 04 94 04 02 90\",\"breadcrumb\":{\"@id\":\"https:\\\/\\\/www.sudvitrailmosaique.fr\\\/index.php\\\/mes-creations-vitrail-mosaique-fusing\\\/creations-fusing-bijoux-art-table\\\/#breadcrumb\"},\"inLanguage\":\"fr-FR\",\"potentialAction\":[{\"@type\":\"ReadAction\",\"target\":[\"https:\\\/\\\/www.sudvitrailmosaique.fr\\\/index.php\\\/mes-creations-vitrail-mosaique-fusing\\\/creations-fusing-bijoux-art-table\\\/\"]}]},{\"@type\":\"ImageObject\",\"inLanguage\":\"fr-FR\",\"@id\":\"https:\\\/\\\/www.sudvitrailmosaique.fr\\\/index.php\\\/mes-creations-vitrail-mosaique-fusing\\\/creations-fusing-bijoux-art-table\\\/#primaryimage\",\"url\":\"https:\\\/\\\/www.sudvitrailmosaique.fr\\\/wp-content\\\/uploads\\\/2014\\\/10\\\/Porte-couteaux_fusing.jpg\",\"contentUrl\":\"https:\\\/\\\/www.sudvitrailmosaique.fr\\\/wp-content\\\/uploads\\\/2014\\\/10\\\/Porte-couteaux_fusing.jpg\",\"width\":1024,\"height\":683,\"caption\":\"Cr\u00e9ation Sud Vitrail Mosa\u00efque : Porte couteaux en fusing\"},{\"@type\":\"BreadcrumbList\",\"@id\":\"https:\\\/\\\/www.sudvitrailmosaique.fr\\\/index.php\\\/mes-creations-vitrail-mosaique-fusing\\\/creations-fusing-bijoux-art-table\\\/#breadcrumb\",\"itemListElement\":[{\"@type\":\"ListItem\",\"position\":1,\"name\":\"Accueil\",\"item\":\"https:\\\/\\\/www.sudvitrailmosaique.fr\\\/\"},{\"@type\":\"ListItem\",\"position\":2,\"name\":\"Cr\u00e9ations : Vitrail &#8211; Mosa\u00efque &#8211; Fusing\",\"item\":\"https:\\\/\\\/www.sudvitrailmosaique.fr\\\/index.php\\\/mes-creations-vitrail-mosaique-fusing\\\/\"},{\"@type\":\"ListItem\",\"position\":3,\"name\":\"Cr\u00e9ations fusing : bijoux, art de la table\"}]},{\"@type\":\"WebSite\",\"@id\":\"https:\\\/\\\/www.sudvitrailmosaique.fr\\\/#website\",\"url\":\"https:\\\/\\\/www.sudvitrailmosaique.fr\\\/\",\"name\":\"Sud Vitrail Mosa\u00efque\",\"description\":\"La magie du Vitrail et de la Mosa\u00efque \u00e0 Brignoles (83170) dans le Var\",\"publisher\":{\"@id\":\"https:\\\/\\\/www.sudvitrailmosaique.fr\\\/#organization\"},\"potentialAction\":[{\"@type\":\"SearchAction\",\"target\":{\"@type\":\"EntryPoint\",\"urlTemplate\":\"https:\\\/\\\/www.sudvitrailmosaique.fr\\\/?s={search_term_string}\"},\"query-input\":{\"@type\":\"PropertyValueSpecification\",\"valueRequired\":true,\"valueName\":\"search_term_string\"}}],\"inLanguage\":\"fr-FR\"},{\"@type\":\"Organization\",\"@id\":\"https:\\\/\\\/www.sudvitrailmosaique.fr\\\/#organization\",\"name\":\"SUD VITRAIL MOSA\u00cfQUE\",\"url\":\"https:\\\/\\\/www.sudvitrailmosaique.fr\\\/\",\"logo\":{\"@type\":\"ImageObject\",\"inLanguage\":\"fr-FR\",\"@id\":\"https:\\\/\\\/www.sudvitrailmosaique.fr\\\/#\\\/schema\\\/logo\\\/image\\\/\",\"url\":\"https:\\\/\\\/www.sudvitrailmosaique.fr\\\/wp-content\\\/uploads\\\/2014\\\/01\\\/logo1.png\",\"contentUrl\":\"https:\\\/\\\/www.sudvitrailmosaique.fr\\\/wp-content\\\/uploads\\\/2014\\\/01\\\/logo1.png\",\"width\":120,\"height\":120,\"caption\":\"SUD VITRAIL MOSA\u00cfQUE\"},\"image\":{\"@id\":\"https:\\\/\\\/www.sudvitrailmosaique.fr\\\/#\\\/schema\\\/logo\\\/image\\\/\"},\"sameAs\":[\"https:\\\/\\\/www.facebook.com\\\/Sudvitrailmosaique\\\/\",\"https:\\\/\\\/www.pinterest.fr\\\/cjegauthier\\\/\",\"https:\\\/\\\/www.instagram.com\\\/sudvitrailmosaique\\\/\"]}]}<\/script>\n<!-- \/ Yoast SEO plugin. -->","yoast_head_json":{"title":"Cr\u00e9ations fusing : bijoux, art de la table - Sud Vitrail Mosa\u00efque","description":"Chantal Gauthier r\u00e9alise des cr\u00e9ations en fusing disponibles dans son atelier\/boutique Sud Vitrail Mosa\u00efque, Brignoles (83170) en PACA, 134 Chemin du Puits de Martre - t\u00e9l. 04 94 04 02 90","robots":{"index":"index","follow":"follow","max-snippet":"max-snippet:-1","max-image-preview":"max-image-preview:large","max-video-preview":"max-video-preview:-1"},"canonical":"https:\/\/www.sudvitrailmosaique.fr\/index.php\/mes-creations-vitrail-mosaique-fusing\/creations-fusing-bijoux-art-table\/","og_locale":"fr_FR","og_type":"article","og_title":"Cr\u00e9ations fusing : bijoux, art de la table - Sud Vitrail Mosa\u00efque","og_description":"Chantal Gauthier r\u00e9alise des cr\u00e9ations en fusing disponibles dans son atelier\/boutique Sud Vitrail Mosa\u00efque, Brignoles (83170) en PACA, 134 Chemin du Puits de Martre - t\u00e9l. 04 94 04 02 90","og_url":"https:\/\/www.sudvitrailmosaique.fr\/index.php\/mes-creations-vitrail-mosaique-fusing\/creations-fusing-bijoux-art-table\/","og_site_name":"Sud Vitrail Mosa\u00efque","article_publisher":"https:\/\/www.facebook.com\/Sudvitrailmosaique\/","article_modified_time":"2022-06-07T06:05:39+00:00","og_image":[{"url":"https:\/\/www.sudvitrailmosaique.fr\/wp-content\/uploads\/2014\/10\/Porte-couteaux_fusing.jpg","type":"","width":"","height":""}],"twitter_misc":{"Dur\u00e9e de lecture estim\u00e9e":"1 minute"},"schema":{"@context":"https:\/\/schema.org","@graph":[{"@type":"WebPage","@id":"https:\/\/www.sudvitrailmosaique.fr\/index.php\/mes-creations-vitrail-mosaique-fusing\/creations-fusing-bijoux-art-table\/","url":"https:\/\/www.sudvitrailmosaique.fr\/index.php\/mes-creations-vitrail-mosaique-fusing\/creations-fusing-bijoux-art-table\/","name":"Cr\u00e9ations fusing : bijoux, art de la table - Sud Vitrail Mosa\u00efque","isPartOf":{"@id":"https:\/\/www.sudvitrailmosaique.fr\/#website"},"primaryImageOfPage":{"@id":"https:\/\/www.sudvitrailmosaique.fr\/index.php\/mes-creations-vitrail-mosaique-fusing\/creations-fusing-bijoux-art-table\/#primaryimage"},"image":{"@id":"https:\/\/www.sudvitrailmosaique.fr\/index.php\/mes-creations-vitrail-mosaique-fusing\/creations-fusing-bijoux-art-table\/#primaryimage"},"thumbnailUrl":"https:\/\/www.sudvitrailmosaique.fr\/wp-content\/uploads\/2014\/10\/Porte-couteaux_fusing.jpg","datePublished":"2014-10-19T20:01:07+00:00","dateModified":"2022-06-07T06:05:39+00:00","description":"Chantal Gauthier r\u00e9alise des cr\u00e9ations en fusing disponibles dans son atelier\/boutique Sud Vitrail Mosa\u00efque, Brignoles (83170) en PACA, 134 Chemin du Puits de Martre - t\u00e9l. 04 94 04 02 90","breadcrumb":{"@id":"https:\/\/www.sudvitrailmosaique.fr\/index.php\/mes-creations-vitrail-mosaique-fusing\/creations-fusing-bijoux-art-table\/#breadcrumb"},"inLanguage":"fr-FR","potentialAction":[{"@type":"ReadAction","target":["https:\/\/www.sudvitrailmosaique.fr\/index.php\/mes-creations-vitrail-mosaique-fusing\/creations-fusing-bijoux-art-table\/"]}]},{"@type":"ImageObject","inLanguage":"fr-FR","@id":"https:\/\/www.sudvitrailmosaique.fr\/index.php\/mes-creations-vitrail-mosaique-fusing\/creations-fusing-bijoux-art-table\/#primaryimage","url":"https:\/\/www.sudvitrailmosaique.fr\/wp-content\/uploads\/2014\/10\/Porte-couteaux_fusing.jpg","contentUrl":"https:\/\/www.sudvitrailmosaique.fr\/wp-content\/uploads\/2014\/10\/Porte-couteaux_fusing.jpg","width":1024,"height":683,"caption":"Cr\u00e9ation Sud Vitrail Mosa\u00efque : Porte couteaux en fusing"},{"@type":"BreadcrumbList","@id":"https:\/\/www.sudvitrailmosaique.fr\/index.php\/mes-creations-vitrail-mosaique-fusing\/creations-fusing-bijoux-art-table\/#breadcrumb","itemListElement":[{"@type":"ListItem","position":1,"name":"Accueil","item":"https:\/\/www.sudvitrailmosaique.fr\/"},{"@type":"ListItem","position":2,"name":"Cr\u00e9ations : Vitrail &#8211; Mosa\u00efque &#8211; Fusing","item":"https:\/\/www.sudvitrailmosaique.fr\/index.php\/mes-creations-vitrail-mosaique-fusing\/"},{"@type":"ListItem","position":3,"name":"Cr\u00e9ations fusing : bijoux, art de la table"}]},{"@type":"WebSite","@id":"https:\/\/www.sudvitrailmosaique.fr\/#website","url":"https:\/\/www.sudvitrailmosaique.fr\/","name":"Sud Vitrail Mosa\u00efque","description":"La magie du Vitrail et de la Mosa\u00efque \u00e0 Brignoles (83170) dans le Var","publisher":{"@id":"https:\/\/www.sudvitrailmosaique.fr\/#organization"},"potentialAction":[{"@type":"SearchAction","target":{"@type":"EntryPoint","urlTemplate":"https:\/\/www.sudvitrailmosaique.fr\/?s={search_term_string}"},"query-input":{"@type":"PropertyValueSpecification","valueRequired":true,"valueName":"search_term_string"}}],"inLanguage":"fr-FR"},{"@type":"Organization","@id":"https:\/\/www.sudvitrailmosaique.fr\/#organization","name":"SUD VITRAIL MOSA\u00cfQUE","url":"https:\/\/www.sudvitrailmosaique.fr\/","logo":{"@type":"ImageObject","inLanguage":"fr-FR","@id":"https:\/\/www.sudvitrailmosaique.fr\/#\/schema\/logo\/image\/","url":"https:\/\/www.sudvitrailmosaique.fr\/wp-content\/uploads\/2014\/01\/logo1.png","contentUrl":"https:\/\/www.sudvitrailmosaique.fr\/wp-content\/uploads\/2014\/01\/logo1.png","width":120,"height":120,"caption":"SUD VITRAIL MOSA\u00cfQUE"},"image":{"@id":"https:\/\/www.sudvitrailmosaique.fr\/#\/schema\/logo\/image\/"},"sameAs":["https:\/\/www.facebook.com\/Sudvitrailmosaique\/","https:\/\/www.pinterest.fr\/cjegauthier\/","https:\/\/www.instagram.com\/sudvitrailmosaique\/"]}]}},"_links":{"self":[{"href":"https:\/\/www.sudvitrailmosaique.fr\/index.php\/wp-json\/wp\/v2\/pages\/1909","targetHints":{"allow":["GET"]}}],"collection":[{"href":"https:\/\/www.sudvitrailmosaique.fr\/index.php\/wp-json\/wp\/v2\/pages"}],"about":[{"href":"https:\/\/www.sudvitrailmosaique.fr\/index.php\/wp-json\/wp\/v2\/types\/page"}],"author":[{"embeddable":true,"href":"https:\/\/www.sudvitrailmosaique.fr\/index.php\/wp-json\/wp\/v2\/users\/5"}],"replies":[{"embeddable":true,"href":"https:\/\/www.sudvitrailmosaique.fr\/index.php\/wp-json\/wp\/v2\/comments?post=1909"}],"version-history":[{"count":0,"href":"https:\/\/www.sudvitrailmosaique.fr\/index.php\/wp-json\/wp\/v2\/pages\/1909\/revisions"}],"up":[{"embeddable":true,"href":"https:\/\/www.sudvitrailmosaique.fr\/index.php\/wp-json\/wp\/v2\/pages\/1883"}],"wp:attachment":[{"href":"https:\/\/www.sudvitrailmosaique.fr\/index.php\/wp-json\/wp\/v2\/media?parent=1909"}],"curies":[{"name":"wp","href":"https:\/\/api.w.org\/{rel}","templated":true}]}}